{"id":949,"date":"2024-04-01T12:08:59","date_gmt":"2024-04-01T15:08:59","guid":{"rendered":"https:\/\/localhost\/combatte-store\/?post_type=product&#038;p=949"},"modified":"2024-04-01T12:10:48","modified_gmt":"2024-04-01T15:10:48","slug":"ts9-graphene-9mm","status":"publish","type":"product","link":"https:\/\/combatte.com.br\/combatte-store\/?product=ts9-graphene-9mm","title":{"rendered":"TS9 GRAPHENE &#8211; 9MM"},"content":{"rendered":"<div class=\"wrapper\">\n<div class=\"a-b-columns a-b-columns--full product-content\">\n<div class=\"a-b-columns__column product-box-text\">\n<div class=\"wrapper\">\n<div class=\"a-b-columns a-b-columns--full product-content\">\n<div class=\"a-b-columns__column product-box-text\">\n<div class=\"wrapper\">\n<div class=\"a-b-columns a-b-columns--full product-content\">\n<div class=\"a-b-columns__column product-box-text\">\n<p>A nova pistola Taurus TS9 Graphene mant\u00e9m seu alto desempenho at\u00e9 nas mais extremas condi\u00e7\u00f5es de opera\u00e7\u00e3o.<\/p>\n<p>Agora, a consagrada plataforma TS9 conta com pe\u00e7as injetadas com grafeno e revestimento em Cerakote<sup>\u00ae<\/sup>\u00a0Graphene, que conferem muito mais resist\u00eancia e durabilidade para a pistola. Seu sistema de estancamento contra poeira, areia e lodo garante alta efici\u00eancia em meio \u00e0s mais adversas situa\u00e7\u00f5es. \u00c9 equipada com o trilho picatinny, possibilitando o acoplamento de acess\u00f3rios, e possui backstraps intercambi\u00e1veis, adequando-se \u00e0 ergonomia do usu\u00e1rio. Possui capacidade de 17 tiros, no calibre 9mm e mecanismo de disparo STRIKER FIRE, com percussor lan\u00e7ado. Indicada para uso militar e policial, para defesa pessoal e para a pr\u00e1tica de tiro esportivo.<\/p>\n<p>A inclus\u00e3o do grafeno na composi\u00e7\u00e3o dos nossos produtos marca o in\u00edcio da 3\u00aa gera\u00e7\u00e3o de pistolas da Taurus. Somam-se \u00e0 TS9 Graphene a sua vers\u00e3o compacta, TS9c Graphene, e a precursora da categoria, a GX4 Graphene. O grafeno \u00e9 um nanomaterial revolucion\u00e1rio que, quando combinado a outros elementos, potencializa suas propriedades. Na nova pistola, ele aparece incorporado \u00e0 pintura Cerakote<sup>\u00ae<\/sup>, tornando-a mais resistente \u00e0 corros\u00e3o. Al\u00e9m de ser considerado o material mais resistente do mundo, o grafeno tamb\u00e9m aumenta a durabilidade dos produtos diante de chamas e impactos, tornando-os mais leves e autolimpantes.<\/p>\n<p>&nbsp;<\/p>\n<\/div>\n<\/div>\n<\/div>\n<\/div>\n<\/div>\n<\/div>\n<div class=\"wrapper\">\n<div class=\"a-b-columns a-b-columns--full product-content\">\n<div class=\"a-b-columns__column product-box-text\">\n<div class=\"wrapper\">\n<div class=\"a-b-columns a-b-columns--full product-content\">\n<div class=\"a-b-columns__column product-box-detail\">\n<h3 class=\"heading--delta\">ESPECIFICA\u00c7\u00d5ES T\u00c9CNICAS<\/h3>\n<div class=\"product-spec\">\n<p><strong>Calibre:\u00a0<\/strong>9mm (9&#215;19)<br \/>\n<strong>Capacidade:<\/strong>\u00a017+1<br \/>\n<strong>A\u00e7\u00e3o:<\/strong>\u00a0Striker Fire<\/p>\n<p>Para mais informa\u00e7\u00f5es, consulte o Descritivo T\u00e9cnico.<\/p>\n<p>Imagens ilustrativas. Produto sujeito a altera\u00e7\u00f5es sem aviso pr\u00e9vio.<\/p>\n<\/div>\n<\/div>\n<\/div>\n<\/div>\n<\/div>\n<\/div>\n<\/div>\n<\/div>\n<\/div>\n<\/div>\n","protected":false},"excerpt":{"rendered":"<p class=\"product-bottom-icons\">Entre em contato com o Consultor\/Lojista para verificar a disponibilidade deste modelo.<\/p>\n<p class=\"product-bottom-icons\">A aquisi\u00e7\u00e3o de armas \u00e9 regulamentada pela Lei 10.826\/03, Decreto 9.847\/2019 e Decreto 11.615\/23. A posse de arma depende de registro por autoridade competente, demonstra\u00e7\u00e3o de efetiva necessidade e cumprimento dos requisitos legais. O porte de arma \u00e9 proibido no territ\u00f3rio nacional, salvo para as categorias autorizadas na Lei e nos casos previstos em legisla\u00e7\u00e3o pr\u00f3pria. A utiliza\u00e7\u00e3o de arma exige treinamento e equil\u00edbrio emocional. Guarde armas e muni\u00e7\u00f5es em local seguro e fora do alcance de crian\u00e7as e pessoas n\u00e3o autorizadas.<\/p>\n","protected":false},"featured_media":950,"comment_status":"open","ping_status":"closed","template":"","meta":{"om_disable_all_campaigns":false,"_monsterinsights_skip_tracking":false,"_monsterinsights_sitenote_active":false,"_monsterinsights_sitenote_note":"","_monsterinsights_sitenote_category":0,"_uf_show_specific_survey":0,"_uf_disable_surveys":false},"product_cat":[100,103,99],"product_tag":[],"class_list":{"0":"post-949","1":"product","2":"type-product","3":"status-publish","4":"has-post-thumbnail","6":"product_cat-armas-curtas","7":"product_cat-pistolas","8":"product_cat-taurus","10":"first","11":"onbackorder","12":"product-type-simple"},"aioseo_notices":[],"_links":{"self":[{"href":"https:\/\/combatte.com.br\/combatte-store\/index.php?rest_route=\/wp\/v2\/product\/949","targetHints":{"allow":["GET"]}}],"collection":[{"href":"https:\/\/combatte.com.br\/combatte-store\/index.php?rest_route=\/wp\/v2\/product"}],"about":[{"href":"https:\/\/combatte.com.br\/combatte-store\/index.php?rest_route=\/wp\/v2\/types\/product"}],"replies":[{"embeddable":true,"href":"https:\/\/combatte.com.br\/combatte-store\/index.php?rest_route=%2Fwp%2Fv2%2Fcomments&post=949"}],"wp:featuredmedia":[{"embeddable":true,"href":"https:\/\/combatte.com.br\/combatte-store\/index.php?rest_route=\/wp\/v2\/media\/950"}],"wp:attachment":[{"href":"https:\/\/combatte.com.br\/combatte-store\/index.php?rest_route=%2Fwp%2Fv2%2Fmedia&parent=949"}],"wp:term":[{"taxonomy":"product_cat","embeddable":true,"href":"https:\/\/combatte.com.br\/combatte-store\/index.php?rest_route=%2Fwp%2Fv2%2Fproduct_cat&post=949"},{"taxonomy":"product_tag","embeddable":true,"href":"https:\/\/combatte.com.br\/combatte-store\/index.php?rest_route=%2Fwp%2Fv2%2Fproduct_tag&post=949"}],"curies":[{"name":"wp","href":"https:\/\/api.w.org\/{rel}","templated":true}]}}