{"id":721,"date":"2024-03-30T16:01:45","date_gmt":"2024-03-30T19:01:45","guid":{"rendered":"https:\/\/localhost\/combatte-store\/?post_type=product&#038;p=721"},"modified":"2024-03-30T16:03:47","modified_gmt":"2024-03-30T19:03:47","slug":"rt-856-t-o-r-o-cal-38-special","status":"publish","type":"product","link":"https:\/\/combatte.com.br\/combatte-store\/?product=rt-856-t-o-r-o-cal-38-special","title":{"rendered":"RT 856 T.O.R.O | CAL. .38 SPECIAL"},"content":{"rendered":"<div class=\"wrapper\">\n<div class=\"a-b-columns a-b-columns--full product-content\">\n<div class=\"a-b-columns__column product-box-text\">\n<div class=\"wrapper\">\n<div class=\"a-b-columns a-b-columns--full product-content\">\n<div class=\"a-b-columns__column product-box-text\">\n<div class=\"wrapper\">\n<div class=\"a-b-columns a-b-columns--full product-content\">\n<div class=\"a-b-columns__column product-box-text\">\n<p><span data-c=\"\">Conhe\u00e7a o Taurus RT 856 T.O.R.O.: arma\u00e7\u00e3o de a\u00e7o, cano de tr\u00eas polegadas e o primeiro rev\u00f3lver do mundo pronto para receber mira \u00f3ptica.<\/span><\/p>\n<p><span data-c=\"\">Devido ao sistema Taurus\u00a0Optic\u00a0Ready\u00a0Option\u00a0(T.O.R.O.), o RT 856 agora \u00e9 compat\u00edvel com os modelos mais populares de miras \u00f3pticas do mercado.\u00a0Isso move o 856 para uma categoria totalmente nova de rev\u00f3lveres de autodefesa, criada pela Taurus: rev\u00f3lveres de arma\u00e7\u00e3o pequena prontos para receber miras \u00f3pticas.<\/span><\/p>\n<p><span data-c=\"\">O 856 T.O.R.O mant\u00e9m todos os recursos que voc\u00ea j\u00e1 adorava na s\u00e9rie 856 Defender.\u00a0Cano de 3 polegadas, excelente gatilho de a\u00e7\u00e3o dupla e, claro, capacidade de 6 tiros de .38\u00a0Special\u00a0+P.\u00a0<\/span><\/p>\n<p><span data-c=\"\">Outras caracter\u00edsticas do Taurus Defender 856 T.O.R.O. s\u00e3o as al\u00e7as compactas, que oferecem redu\u00e7\u00e3o de recuo nos disparos e maior facilidade na oculta\u00e7\u00e3o. Apresenta cilindro de a\u00e7o inoxid\u00e1vel, para m\u00e1xima durabilidade, e um gatilho de a\u00e7\u00e3o simples ou dupla com acionamento suave e r\u00e1pido, ideal para disparos defensivos. Al\u00e9m do mais, seu cano de 3 polegadas obt\u00e9m\u00a0 o m\u00e1ximo desempenho poss\u00edvel dos cartuchos de calibre .38.<\/span><\/p>\n<p><span data-c=\"\">*Mira \u00f3ptica n\u00e3o inclusa.<\/span><\/p>\n<\/div>\n<\/div>\n<\/div>\n<\/div>\n<\/div>\n<\/div>\n<div class=\"wrapper\">\n<div class=\"a-b-columns a-b-columns--full product-content\">\n<div class=\"a-b-columns__column product-box-text\">\n<div class=\"wrapper\">\n<div class=\"a-b-columns a-b-columns--full product-content\">\n<div class=\"a-b-columns__column product-box-detail\">\n<h3><\/h3>\n<h3 class=\"heading--delta\">ESPECIFICA\u00c7\u00d5ES T\u00c9CNICAS<\/h3>\n<div class=\"product-spec\">\n<p><strong><span data-c=\"\">Calibre\u00a0<\/span><\/strong><span data-c=\"\">\u00a0 .38\u00a0Special<\/span><br \/>\n<span data-c=\"\">Capacidade\u00a0<\/span><span data-c=\"\">\u00a0 6 tiros<\/span><br \/>\n<span data-c=\"\">A ccedil;\u00e3o:<\/span><span data-c=\"\">\u00a0SA\/DA<\/span><\/p>\n<p><span data-c=\"\">Para mais informa\u00e7\u00f5es, consulte o Descritivo T\u00e9cnico.<\/span><\/p>\n<p><span data-c=\"\">Imagens ilustrativas. Produto sujeito a altera\u00e7\u00f5es sem aviso pr\u00e9vio.<\/span><\/p>\n<\/div>\n<\/div>\n<\/div>\n<\/div>\n<\/div>\n<\/div>\n<\/div>\n<\/div>\n<\/div>\n<\/div>\n","protected":false},"excerpt":{"rendered":"<p class=\"product-bottom-icons\">Entre em contato com o Consultor\/Lojista para verificar a disponibilidade deste modelo.<\/p>\n<p class=\"product-bottom-icons\">A aquisi\u00e7\u00e3o de armas \u00e9 regulamentada pela Lei 10.826\/03, Decreto 9.847\/2019 e Decreto 11.615\/23. A posse de arma depende de registro por autoridade competente, demonstra\u00e7\u00e3o de efetiva necessidade e cumprimento dos requisitos legais. O porte de arma \u00e9 proibido no territ\u00f3rio nacional, salvo para as categorias autorizadas na Lei e nos casos previstos em legisla\u00e7\u00e3o pr\u00f3pria. A utiliza\u00e7\u00e3o de arma exige treinamento e equil\u00edbrio emocional. Guarde armas e muni\u00e7\u00f5es em local seguro e fora do alcance de crian\u00e7as e pessoas n\u00e3o autorizadas.<\/p>\n","protected":false},"featured_media":722,"comment_status":"open","ping_status":"closed","template":"","meta":{"om_disable_all_campaigns":false,"_monsterinsights_skip_tracking":false,"_monsterinsights_sitenote_active":false,"_monsterinsights_sitenote_note":"","_monsterinsights_sitenote_category":0,"_uf_show_specific_survey":0,"_uf_disable_surveys":false},"product_cat":[100,102,99],"product_tag":[],"class_list":{"0":"post-721","1":"product","2":"type-product","3":"status-publish","4":"has-post-thumbnail","6":"product_cat-armas-curtas","7":"product_cat-resolveres","8":"product_cat-taurus","10":"first","11":"onbackorder","12":"product-type-simple"},"aioseo_notices":[],"_links":{"self":[{"href":"https:\/\/combatte.com.br\/combatte-store\/index.php?rest_route=\/wp\/v2\/product\/721","targetHints":{"allow":["GET"]}}],"collection":[{"href":"https:\/\/combatte.com.br\/combatte-store\/index.php?rest_route=\/wp\/v2\/product"}],"about":[{"href":"https:\/\/combatte.com.br\/combatte-store\/index.php?rest_route=\/wp\/v2\/types\/product"}],"replies":[{"embeddable":true,"href":"https:\/\/combatte.com.br\/combatte-store\/index.php?rest_route=%2Fwp%2Fv2%2Fcomments&post=721"}],"wp:featuredmedia":[{"embeddable":true,"href":"https:\/\/combatte.com.br\/combatte-store\/index.php?rest_route=\/wp\/v2\/media\/722"}],"wp:attachment":[{"href":"https:\/\/combatte.com.br\/combatte-store\/index.php?rest_route=%2Fwp%2Fv2%2Fmedia&parent=721"}],"wp:term":[{"taxonomy":"product_cat","embeddable":true,"href":"https:\/\/combatte.com.br\/combatte-store\/index.php?rest_route=%2Fwp%2Fv2%2Fproduct_cat&post=721"},{"taxonomy":"product_tag","embeddable":true,"href":"https:\/\/combatte.com.br\/combatte-store\/index.php?rest_route=%2Fwp%2Fv2%2Fproduct_tag&post=721"}],"curies":[{"name":"wp","href":"https:\/\/api.w.org\/{rel}","templated":true}]}}

<div class="wrapper">
<div class="a-b-columns a-b-columns--full product-content">
<div class="a-b-columns__column product-box-text">
<div class="wrapper">
<div class="a-b-columns a-b-columns--full product-content">
<div class="a-b-columns__column product-box-text">
<div class="wrapper">
<div class="a-b-columns a-b-columns--full product-content">
<div class="a-b-columns__column product-box-text">
<p><span data-c="">Conheça o Taurus RT 856 T.O.R.O.: armação de aço, cano de três polegadas e o primeiro revólver do mundo pronto para receber mira óptica.</span></p>
<p><span data-c="">Devido ao sistema Taurus Optic Ready Option (T.O.R.O.), o RT 856 agora é compatível com os modelos mais populares de miras ópticas do mercado. Isso move o 856 para uma categoria totalmente nova de revólveres de autodefesa, criada pela Taurus: revólveres de armação pequena prontos para receber miras ópticas.</span></p>
<p><span data-c="">O 856 T.O.R.O mantém todos os recursos que você já adorava na série 856 Defender. Cano de 3 polegadas, excelente gatilho de ação dupla e, claro, capacidade de 6 tiros de .38 Special +P. </span></p>
<p><span data-c="">Outras características do Taurus Defender 856 T.O.R.O. são as alças compactas, que oferecem redução de recuo nos disparos e maior facilidade na ocultação. Apresenta cilindro de aço inoxidável, para máxima durabilidade, e um gatilho de ação simples ou dupla com acionamento suave e rápido, ideal para disparos defensivos. Além do mais, seu cano de 3 polegadas obtém  o máximo desempenho possível dos cartuchos de calibre .38.</span></p>
<p><span data-c="">*Mira óptica não inclusa.</span></p>
</div>
</div>
</div>
</div>
</div>
</div>
<div class="wrapper">
<div class="a-b-columns a-b-columns--full product-content">
<div class="a-b-columns__column product-box-text">
<div class="wrapper">
<div class="a-b-columns a-b-columns--full product-content">
<div class="a-b-columns__column product-box-detail">
<h3></h3>
<h3 class="heading--delta">ESPECIFICAÇÕES TÉCNICAS</h3>
<div class="product-spec">
<p><strong><span data-c="">Calibre </span></strong><span data-c="">  .38 Special</span><br />
<span data-c="">Capacidade </span><span data-c="">  6 tiros</span><br />
<span data-c="">A ccedil;ão:</span><span data-c=""> SA/DA</span></p>
<p><span data-c="">Para mais informações, consulte o Descritivo Técnico.</span></p>
<p><span data-c="">Imagens ilustrativas. Produto sujeito a alterações sem aviso prévio.</span></p>
</div>
</div>
</div>
</div>
</div>
</div>
</div>
</div>
</div>
</div>

<p class="product-bottom-icons">Entre em contato com o Consultor/Lojista para verificar a disponibilidade deste modelo.</p>
<p class="product-bottom-icons">A aquisição de armas é regulamentada pela Lei 10.826/03, Decreto 9.847/2019 e Decreto 11.615/23. A posse de arma depende de registro por autoridade competente, demonstração de efetiva necessidade e cumprimento dos requisitos legais. O porte de arma é proibido no território nacional, salvo para as categorias autorizadas na Lei e nos casos previstos em legislação própria. A utilização de arma exige treinamento e equilíbrio emocional. Guarde armas e munições em local seguro e fora do alcance de crianças e pessoas não autorizadas.</p>
