{"id":635,"date":"2024-03-29T14:22:23","date_gmt":"2024-03-29T17:22:23","guid":{"rendered":"https:\/\/localhost\/combatte-store\/?post_type=product&#038;p=635"},"modified":"2024-03-29T14:25:36","modified_gmt":"2024-03-29T17:25:36","slug":"fuzil-t4-300-mlok-16","status":"publish","type":"product","link":"https:\/\/combatte.com.br\/combatte-store\/?product=fuzil-t4-300-mlok-16","title":{"rendered":"FUZIL T4 300 MLOK \u2013 16&#8243;"},"content":{"rendered":"<div class=\"wrapper\">\n<div class=\"a-b-columns a-b-columns--full product-content\">\n<div class=\"a-b-columns__column product-box-text\">\n<div class=\"wrapper\">\n<div class=\"a-b-columns a-b-columns--full product-content\">\n<div class=\"a-b-columns__column product-box-text\">\n<p>A consagrada plataforma T4 da Taurus\u00ae recebe mais um integrante, o\u00a0<strong>Fuzil T4 300 MLOK &#8211; CAL. .300BLK<\/p>\n<p><\/strong>O calibre .300 BLK possui um maior poder de parada que o tradicional 5,56 NATO, e a mesma confiabilidade em campo do mecanismo que opera por a\u00e7\u00e3o direta dos gases e trancamento rotativo do ferrolho. Seu sistema semiautom\u00e1tico com capacidade de 30\u00a0<em>r<\/em><em>ounds<\/em>\u00a0por carregador, \u00e9 ideal para unidades de opera\u00e7\u00f5es especiais, pr\u00e1ticas esportivas e ca\u00e7a.<\/p>\n<p>Seu diferencial, al\u00e9m do calibre .300 blackout \u00e9 sua vers\u00e3o de f\u00e1brica em cano de 16\u2019\u2019 de comprimento que garante uma melhor performance em ambientes abertos com alvos mais distantes. O cano possui 4 raias \u00e0 direita e passo de raia de 1:8\u201d.<\/p>\n<p>&nbsp;<\/p>\n<p>O\u00a0<strong>Fuzil T4 300 MLOK &#8211; CAL. .300BLK<\/strong>, possui miras rebat\u00edveis (flip-up) e tecla seletora ambidestra, al\u00e9m de guarda-m\u00e3o MLOK (Modular Lock) que permite a instala\u00e7\u00e3o de kits \u00f3ticos, lunetas e os mais diversos acess\u00f3rios.<\/p>\n<\/div>\n<div class=\"a-b-columns__column product-box-gallery js-content-banner-gallery\" data-rotate=\"true\">\n<div class=\"arrow-navigation arrow-navigation--bottom-left\"><\/div>\n<\/div>\n<\/div>\n<\/div>\n<div class=\"wrapper\">\n<div class=\"a-b-columns a-b-columns--full product-content\">\n<div class=\"a-b-columns__column product-box-detail\">\n<h3 class=\"heading--delta\">ESPECIFICA\u00c7\u00d5ES T\u00c9CNICAS<\/h3>\n<div class=\"product-spec\">\n<p><strong>Calibre<\/strong>\u00a0.300 Blackout<br \/>\n<strong>Funcionamento<\/strong>\u00a0SAFE | SEMI<br \/>\n<strong>Capacidade<\/strong>\u00a030 cartuchos<\/p>\n<p>Para mais informa\u00e7\u00f5es, consulte o Descritivo T\u00e9cnico.<\/p>\n<p>Imagens ilustrativas. Produto sujeito a altera\u00e7\u00f5es sem aviso pr\u00e9vio.<\/p>\n<\/div>\n<\/div>\n<\/div>\n<\/div>\n<\/div>\n<\/div>\n<\/div>\n","protected":false},"excerpt":{"rendered":"<p class=\"product-bottom-icons\">Entre em contato com o Consultor\/Lojista para verificar a disponibilidade deste modelo.<\/p>\n<p class=\"product-bottom-icons\">A aquisi\u00e7\u00e3o de armas \u00e9 regulamentada pela Lei 10.826\/03, Decreto 9.847\/2019 e Decreto 11.615\/23. A posse de arma depende de registro por autoridade competente, demonstra\u00e7\u00e3o de efetiva necessidade e cumprimento dos requisitos legais. O porte de arma \u00e9 proibido no territ\u00f3rio nacional, salvo para as categorias autorizadas na Lei e nos casos previstos em legisla\u00e7\u00e3o pr\u00f3pria. A utiliza\u00e7\u00e3o de arma exige treinamento e equil\u00edbrio emocional. Guarde armas e muni\u00e7\u00f5es em local seguro e fora do alcance de crian\u00e7as e pessoas n\u00e3o autorizadas.<\/p>\n","protected":false},"featured_media":636,"comment_status":"open","ping_status":"closed","template":"","meta":{"om_disable_all_campaigns":false,"_monsterinsights_skip_tracking":false,"_monsterinsights_sitenote_active":false,"_monsterinsights_sitenote_note":"","_monsterinsights_sitenote_category":0,"_uf_show_specific_survey":0,"_uf_disable_surveys":false},"product_cat":[98,99],"product_tag":[],"class_list":{"0":"post-635","1":"product","2":"type-product","3":"status-publish","4":"has-post-thumbnail","6":"product_cat-armas-longas","7":"product_cat-taurus","9":"first","10":"onbackorder","11":"product-type-simple"},"aioseo_notices":[],"_links":{"self":[{"href":"https:\/\/combatte.com.br\/combatte-store\/index.php?rest_route=\/wp\/v2\/product\/635","targetHints":{"allow":["GET"]}}],"collection":[{"href":"https:\/\/combatte.com.br\/combatte-store\/index.php?rest_route=\/wp\/v2\/product"}],"about":[{"href":"https:\/\/combatte.com.br\/combatte-store\/index.php?rest_route=\/wp\/v2\/types\/product"}],"replies":[{"embeddable":true,"href":"https:\/\/combatte.com.br\/combatte-store\/index.php?rest_route=%2Fwp%2Fv2%2Fcomments&post=635"}],"wp:featuredmedia":[{"embeddable":true,"href":"https:\/\/combatte.com.br\/combatte-store\/index.php?rest_route=\/wp\/v2\/media\/636"}],"wp:attachment":[{"href":"https:\/\/combatte.com.br\/combatte-store\/index.php?rest_route=%2Fwp%2Fv2%2Fmedia&parent=635"}],"wp:term":[{"taxonomy":"product_cat","embeddable":true,"href":"https:\/\/combatte.com.br\/combatte-store\/index.php?rest_route=%2Fwp%2Fv2%2Fproduct_cat&post=635"},{"taxonomy":"product_tag","embeddable":true,"href":"https:\/\/combatte.com.br\/combatte-store\/index.php?rest_route=%2Fwp%2Fv2%2Fproduct_tag&post=635"}],"curies":[{"name":"wp","href":"https:\/\/api.w.org\/{rel}","templated":true}]}}

<div class="wrapper">
<div class="a-b-columns a-b-columns--full product-content">
<div class="a-b-columns__column product-box-text">
<div class="wrapper">
<div class="a-b-columns a-b-columns--full product-content">
<div class="a-b-columns__column product-box-text">
<p>A consagrada plataforma T4 da Taurus® recebe mais um integrante, o <strong>Fuzil T4 300 MLOK &#8211; CAL. .300BLK</p>
<p></strong>O calibre .300 BLK possui um maior poder de parada que o tradicional 5,56 NATO, e a mesma confiabilidade em campo do mecanismo que opera por ação direta dos gases e trancamento rotativo do ferrolho. Seu sistema semiautomático com capacidade de 30 <em>r</em><em>ounds</em> por carregador, é ideal para unidades de operações especiais, práticas esportivas e caça.</p>
<p>Seu diferencial, além do calibre .300 blackout é sua versão de fábrica em cano de 16’’ de comprimento que garante uma melhor performance em ambientes abertos com alvos mais distantes. O cano possui 4 raias à direita e passo de raia de 1:8”.</p>
<p>&nbsp;</p>
<p>O <strong>Fuzil T4 300 MLOK &#8211; CAL. .300BLK</strong>, possui miras rebatíveis (flip-up) e tecla seletora ambidestra, além de guarda-mão MLOK (Modular Lock) que permite a instalação de kits óticos, lunetas e os mais diversos acessórios.</p>
</div>
<div class="a-b-columns__column product-box-gallery js-content-banner-gallery" data-rotate="true">
<div class="arrow-navigation arrow-navigation--bottom-left"></div>
</div>
</div>
</div>
<div class="wrapper">
<div class="a-b-columns a-b-columns--full product-content">
<div class="a-b-columns__column product-box-detail">
<h3 class="heading--delta">ESPECIFICAÇÕES TÉCNICAS</h3>
<div class="product-spec">
<p><strong>Calibre</strong> .300 Blackout<br />
<strong>Funcionamento</strong> SAFE | SEMI<br />
<strong>Capacidade</strong> 30 cartuchos</p>
<p>Para mais informações, consulte o Descritivo Técnico.</p>
<p>Imagens ilustrativas. Produto sujeito a alterações sem aviso prévio.</p>
</div>
</div>
</div>
</div>
</div>
</div>
</div>

<p class="product-bottom-icons">Entre em contato com o Consultor/Lojista para verificar a disponibilidade deste modelo.</p>
<p class="product-bottom-icons">A aquisição de armas é regulamentada pela Lei 10.826/03, Decreto 9.847/2019 e Decreto 11.615/23. A posse de arma depende de registro por autoridade competente, demonstração de efetiva necessidade e cumprimento dos requisitos legais. O porte de arma é proibido no território nacional, salvo para as categorias autorizadas na Lei e nos casos previstos em legislação própria. A utilização de arma exige treinamento e equilíbrio emocional. Guarde armas e munições em local seguro e fora do alcance de crianças e pessoas não autorizadas.</p>
