{"id":632,"date":"2024-03-29T14:19:55","date_gmt":"2024-03-29T17:19:55","guid":{"rendered":"https:\/\/localhost\/combatte-store\/?post_type=product&#038;p=632"},"modified":"2024-03-29T14:25:55","modified_gmt":"2024-03-29T17:25:55","slug":"carabina-kr-9-sbr-9x19mm-9-5","status":"publish","type":"product","link":"https:\/\/combatte.com.br\/combatte-store\/?product=carabina-kr-9-sbr-9x19mm-9-5","title":{"rendered":"CARABINA KR-9 SBR 9X19MM 9.5&#8243;"},"content":{"rendered":"<div class=\"wrapper\">\n<div class=\"a-b-columns a-b-columns--full product-content\">\n<div class=\"a-b-columns__column product-box-text\">\n<div class=\"wrapper\">\n<div class=\"a-b-columns a-b-columns--full product-content\">\n<div class=\"a-b-columns__column product-box-text\">\n<p><span data-c=\"\">A Taurus traz a conceituada carabina Kalashnikov KR-9 SBR. No calibre 9mm, \u00e9 excelente para defesa residencial e pr\u00e1tica esportiva.<\/span><\/p>\n<p><span data-c=\"\">Com regime de tiro\u00a0semi-autom\u00e1tica, opera no sistema por a\u00e7\u00e3o\u00a0Blowback. Conta com\u00a0carregador de 30 tiros, fabricado em pol\u00edmero refor\u00e7ado com a\u00e7o.<\/span><\/p>\n<p><span data-c=\"\">Este modelo conta com coronha triangular dobr\u00e1vel estilo\u00a0vityaz, que garante melhor ergonomia e transporte para o equipamento.<\/span><br \/>\n<span data-c=\"\">Conta com cano de 9,5\u201d de comprimento,\u00a0raiamento\u00a0de 6 raias \u00e0 direita, com passo de 1:10\u201d.<\/span><\/p>\n<p><span data-c=\"\">\u00c9 altamente precisa e oferece a experi\u00eancia de tiro perfeita de uma carabina\u00a0semi-autom\u00e1tica\u00a0na plataforma AK, al\u00e9m de facilmente manobr\u00e1vel e indicada para qualquer ambiente. Possui\u00a0acabamento K-COAT preto.<\/span><\/p>\n<\/div>\n<div class=\"a-b-columns__column product-box-gallery js-content-banner-gallery\" data-rotate=\"true\">\n<div class=\"arrow-navigation arrow-navigation--bottom-left\"><\/div>\n<\/div>\n<\/div>\n<\/div>\n<div class=\"wrapper\">\n<div class=\"a-b-columns a-b-columns--full product-content\">\n<div class=\"a-b-columns__column product-box-detail\">\n<h3 class=\"heading--delta\">ESPECIFICA\u00c7\u00d5ES T\u00c9CNICAS<\/h3>\n<div class=\"product-spec\">\n<p><span data-c=\"\">Calibre<\/span><span data-c=\"\">\u00a0 9&#215;19 mm<\/span><br \/>\n<span data-c=\"\">Capacidade<\/span><span data-c=\"\">\u00a0 30<\/span><br \/>\n<span data-c=\"\">Opera ccedil;\u00e3o<\/span><span data-c=\"\">\u00a0Blowback<\/span><\/p>\n<p><span data-c=\"\">Para mais informa\u00e7\u00f5es, veja o Descritivo T\u00e9cnico.<\/span><\/p>\n<p><span data-c=\"\">Imagens ilustrativas. Produto sujeito a altera\u00e7\u00f5es sem aviso pr\u00e9vio.<\/span><\/p>\n<\/div>\n<\/div>\n<\/div>\n<\/div>\n<\/div>\n<\/div>\n<\/div>\n","protected":false},"excerpt":{"rendered":"<p class=\"product-bottom-icons\">Entre em contato com o Consultor\/Lojista para verificar a disponibilidade deste modelo.<\/p>\n<p class=\"product-bottom-icons\">A aquisi\u00e7\u00e3o de armas \u00e9 regulamentada pela Lei 10.826\/03, Decreto 9.847\/2019 e Decreto 11.615\/23. A posse de arma depende de registro por autoridade competente, demonstra\u00e7\u00e3o de efetiva necessidade e cumprimento dos requisitos legais. O porte de arma \u00e9 proibido no territ\u00f3rio nacional, salvo para as categorias autorizadas na Lei e nos casos previstos em legisla\u00e7\u00e3o pr\u00f3pria. A utiliza\u00e7\u00e3o de arma exige treinamento e equil\u00edbrio emocional. Guarde armas e muni\u00e7\u00f5es em local seguro e fora do alcance de crian\u00e7as e pessoas n\u00e3o autorizadas.<\/p>\n","protected":false},"featured_media":633,"comment_status":"open","ping_status":"closed","template":"","meta":{"om_disable_all_campaigns":false,"_monsterinsights_skip_tracking":false,"_monsterinsights_sitenote_active":false,"_monsterinsights_sitenote_note":"","_monsterinsights_sitenote_category":0,"_uf_show_specific_survey":0,"_uf_disable_surveys":false},"product_cat":[98,99],"product_tag":[],"class_list":{"0":"post-632","1":"product","2":"type-product","3":"status-publish","4":"has-post-thumbnail","6":"product_cat-armas-longas","7":"product_cat-taurus","9":"first","10":"onbackorder","11":"product-type-simple"},"aioseo_notices":[],"_links":{"self":[{"href":"https:\/\/combatte.com.br\/combatte-store\/index.php?rest_route=\/wp\/v2\/product\/632","targetHints":{"allow":["GET"]}}],"collection":[{"href":"https:\/\/combatte.com.br\/combatte-store\/index.php?rest_route=\/wp\/v2\/product"}],"about":[{"href":"https:\/\/combatte.com.br\/combatte-store\/index.php?rest_route=\/wp\/v2\/types\/product"}],"replies":[{"embeddable":true,"href":"https:\/\/combatte.com.br\/combatte-store\/index.php?rest_route=%2Fwp%2Fv2%2Fcomments&post=632"}],"wp:featuredmedia":[{"embeddable":true,"href":"https:\/\/combatte.com.br\/combatte-store\/index.php?rest_route=\/wp\/v2\/media\/633"}],"wp:attachment":[{"href":"https:\/\/combatte.com.br\/combatte-store\/index.php?rest_route=%2Fwp%2Fv2%2Fmedia&parent=632"}],"wp:term":[{"taxonomy":"product_cat","embeddable":true,"href":"https:\/\/combatte.com.br\/combatte-store\/index.php?rest_route=%2Fwp%2Fv2%2Fproduct_cat&post=632"},{"taxonomy":"product_tag","embeddable":true,"href":"https:\/\/combatte.com.br\/combatte-store\/index.php?rest_route=%2Fwp%2Fv2%2Fproduct_tag&post=632"}],"curies":[{"name":"wp","href":"https:\/\/api.w.org\/{rel}","templated":true}]}}

<div class="wrapper">
<div class="a-b-columns a-b-columns--full product-content">
<div class="a-b-columns__column product-box-text">
<div class="wrapper">
<div class="a-b-columns a-b-columns--full product-content">
<div class="a-b-columns__column product-box-text">
<p><span data-c="">A Taurus traz a conceituada carabina Kalashnikov KR-9 SBR. No calibre 9mm, é excelente para defesa residencial e prática esportiva.</span></p>
<p><span data-c="">Com regime de tiro semi-automática, opera no sistema por ação Blowback. Conta com carregador de 30 tiros, fabricado em polímero reforçado com aço.</span></p>
<p><span data-c="">Este modelo conta com coronha triangular dobrável estilo vityaz, que garante melhor ergonomia e transporte para o equipamento.</span><br />
<span data-c="">Conta com cano de 9,5” de comprimento, raiamento de 6 raias à direita, com passo de 1:10”.</span></p>
<p><span data-c="">É altamente precisa e oferece a experiência de tiro perfeita de uma carabina semi-automática na plataforma AK, além de facilmente manobrável e indicada para qualquer ambiente. Possui acabamento K-COAT preto.</span></p>
</div>
<div class="a-b-columns__column product-box-gallery js-content-banner-gallery" data-rotate="true">
<div class="arrow-navigation arrow-navigation--bottom-left"></div>
</div>
</div>
</div>
<div class="wrapper">
<div class="a-b-columns a-b-columns--full product-content">
<div class="a-b-columns__column product-box-detail">
<h3 class="heading--delta">ESPECIFICAÇÕES TÉCNICAS</h3>
<div class="product-spec">
<p><span data-c="">Calibre</span><span data-c="">  9&#215;19 mm</span><br />
<span data-c="">Capacidade</span><span data-c="">  30</span><br />
<span data-c="">Opera ccedil;ão</span><span data-c=""> Blowback</span></p>
<p><span data-c="">Para mais informações, veja o Descritivo Técnico.</span></p>
<p><span data-c="">Imagens ilustrativas. Produto sujeito a alterações sem aviso prévio.</span></p>
</div>
</div>
</div>
</div>
</div>
</div>
</div>

<p class="product-bottom-icons">Entre em contato com o Consultor/Lojista para verificar a disponibilidade deste modelo.</p>
<p class="product-bottom-icons">A aquisição de armas é regulamentada pela Lei 10.826/03, Decreto 9.847/2019 e Decreto 11.615/23. A posse de arma depende de registro por autoridade competente, demonstração de efetiva necessidade e cumprimento dos requisitos legais. O porte de arma é proibido no território nacional, salvo para as categorias autorizadas na Lei e nos casos previstos em legislação própria. A utilização de arma exige treinamento e equilíbrio emocional. Guarde armas e munições em local seguro e fora do alcance de crianças e pessoas não autorizadas.</p>
