{"id":625,"date":"2024-03-29T14:17:19","date_gmt":"2024-03-29T17:17:19","guid":{"rendered":"https:\/\/localhost\/combatte-store\/?post_type=product&#038;p=625"},"modified":"2024-03-29T14:26:04","modified_gmt":"2024-03-29T17:26:04","slug":"carabina-bm-f-9-brigade-9-semiauto","status":"publish","type":"product","link":"https:\/\/combatte.com.br\/combatte-store\/?product=carabina-bm-f-9-brigade-9-semiauto","title":{"rendered":"CARABINA BM-F-9 BRIGADE &#8211; 9&#8221; SEMIAUTO"},"content":{"rendered":"<div class=\"wrapper\">\n<div class=\"a-b-columns a-b-columns--full product-content\">\n<div class=\"a-b-columns__column product-box-text\">\n<p><span data-c=\"\">A Taurus recebe mais um integrante da plataforma AR: a Carabina BM-F-9\u00a0Brigade.<\/span><\/p>\n<p><span data-c=\"\">A BM-F-9\u00a0Brigade, no calibre 9mm, \u00e9 excelente para defesa residencial e pr\u00e1tica esportiva.<\/span><\/p>\n<p><span data-c=\"\">Com regime de tiro\u00a0semi-autom\u00e1tica, opera no sistema por a\u00e7\u00e3o\u00a0Blowback.\u00a0<\/span><span data-c=\"\">Conta com carregador de 32 tiros, fabricado em pol\u00edmero transparente, permitindo a visualiza\u00e7\u00e3o das muni\u00e7\u00f5es.<\/span><\/p>\n<p><span data-c=\"\">Este modelo traz miras rebat\u00edveis (flip-up), coronha ajust\u00e1vel em 6 posi\u00e7\u00f5es, cano de 9\u2019\u2019 de comprimento, o que garante uma melhor manobrabilidade em qualquer ambiente. Seu\u00a0raiamento\u00a0\u00e9 de 6 raias \u00e0 direita, com passo de 1:10\u201d.<\/span><\/p>\n<p><span data-c=\"\">Outro diferencial para esse modelo \u00e9 o guarda m\u00e3o U-LOK tipo flutuante, que permite acess\u00f3rios M-LOK e KEYMOD. Possui acabamento em\u00a0Cerakote\u00a0Armor Black, FDE &amp; OD Green.<\/span><\/p>\n<\/div>\n<div class=\"a-b-columns__column product-box-gallery js-content-banner-gallery\" data-rotate=\"true\">\n<div class=\"picture-slider js-picture-slider\" data-pagination-width=\"470\" data-width=\"690\"><\/div>\n<div class=\"arrow-navigation arrow-navigation--bottom-left\"><\/div>\n<\/div>\n<\/div>\n<\/div>\n<div class=\"wrapper\">\n<div class=\"a-b-columns a-b-columns--full product-content\">\n<div class=\"a-b-columns__column product-box-detail\">\n<h3 class=\"heading--delta\">ESPECIFICA\u00c7\u00d5ES T\u00c9CNICAS<\/h3>\n<div class=\"product-spec\">\n<p><span data-c=\"\">Calibre \u00a0<\/span><span data-c=\"\">9mm<\/span><br \/>\n<span data-c=\"\">Funcionamento<\/span><span data-c=\"\">\u00a0 SAFE | SEMI<\/span><br \/>\n<span data-c=\"\">Capacidade<\/span><span data-c=\"\">\u00a032 cartuchos<\/span><\/p>\n<p><span data-c=\"\">Para mais informa\u00e7\u00f5es, consulte o Descritivo T\u00e9cnico.<\/span><\/p>\n<p><span data-c=\"\">Imagens ilustrativas. Produto sujeito a altera\u00e7\u00f5es sem aviso pr\u00e9vio.<\/span><\/p>\n<\/div>\n<\/div>\n<\/div>\n<\/div>\n","protected":false},"excerpt":{"rendered":"<p class=\"product-bottom-icons\">Entre em contato com o Consultor\/Lojista para verificar a disponibilidade deste modelo.<\/p>\n<p class=\"product-bottom-icons\">A aquisi\u00e7\u00e3o de armas \u00e9 regulamentada pela Lei 10.826\/03, Decreto 9.847\/2019 e Decreto 11.615\/23. A posse de arma depende de registro por autoridade competente, demonstra\u00e7\u00e3o de efetiva necessidade e cumprimento dos requisitos legais. O porte de arma \u00e9 proibido no territ\u00f3rio nacional, salvo para as categorias autorizadas na Lei e nos casos previstos em legisla\u00e7\u00e3o pr\u00f3pria. A utiliza\u00e7\u00e3o de arma exige treinamento e equil\u00edbrio emocional. Guarde armas e muni\u00e7\u00f5es em local seguro e fora do alcance de crian\u00e7as e pessoas n\u00e3o autorizadas.<\/p>\n","protected":false},"featured_media":626,"comment_status":"open","ping_status":"closed","template":"","meta":{"om_disable_all_campaigns":false,"_monsterinsights_skip_tracking":false,"_monsterinsights_sitenote_active":false,"_monsterinsights_sitenote_note":"","_monsterinsights_sitenote_category":0,"_uf_show_specific_survey":0,"_uf_disable_surveys":false},"product_cat":[98,99],"product_tag":[],"class_list":{"0":"post-625","1":"product","2":"type-product","3":"status-publish","4":"has-post-thumbnail","6":"product_cat-armas-longas","7":"product_cat-taurus","9":"first","10":"onbackorder","11":"product-type-simple"},"aioseo_notices":[],"_links":{"self":[{"href":"https:\/\/combatte.com.br\/combatte-store\/index.php?rest_route=\/wp\/v2\/product\/625","targetHints":{"allow":["GET"]}}],"collection":[{"href":"https:\/\/combatte.com.br\/combatte-store\/index.php?rest_route=\/wp\/v2\/product"}],"about":[{"href":"https:\/\/combatte.com.br\/combatte-store\/index.php?rest_route=\/wp\/v2\/types\/product"}],"replies":[{"embeddable":true,"href":"https:\/\/combatte.com.br\/combatte-store\/index.php?rest_route=%2Fwp%2Fv2%2Fcomments&post=625"}],"wp:featuredmedia":[{"embeddable":true,"href":"https:\/\/combatte.com.br\/combatte-store\/index.php?rest_route=\/wp\/v2\/media\/626"}],"wp:attachment":[{"href":"https:\/\/combatte.com.br\/combatte-store\/index.php?rest_route=%2Fwp%2Fv2%2Fmedia&parent=625"}],"wp:term":[{"taxonomy":"product_cat","embeddable":true,"href":"https:\/\/combatte.com.br\/combatte-store\/index.php?rest_route=%2Fwp%2Fv2%2Fproduct_cat&post=625"},{"taxonomy":"product_tag","embeddable":true,"href":"https:\/\/combatte.com.br\/combatte-store\/index.php?rest_route=%2Fwp%2Fv2%2Fproduct_tag&post=625"}],"curies":[{"name":"wp","href":"https:\/\/api.w.org\/{rel}","templated":true}]}}

<div class="wrapper">
<div class="a-b-columns a-b-columns--full product-content">
<div class="a-b-columns__column product-box-text">
<p><span data-c="">A Taurus recebe mais um integrante da plataforma AR: a Carabina BM-F-9 Brigade.</span></p>
<p><span data-c="">A BM-F-9 Brigade, no calibre 9mm, é excelente para defesa residencial e prática esportiva.</span></p>
<p><span data-c="">Com regime de tiro semi-automática, opera no sistema por ação Blowback. </span><span data-c="">Conta com carregador de 32 tiros, fabricado em polímero transparente, permitindo a visualização das munições.</span></p>
<p><span data-c="">Este modelo traz miras rebatíveis (flip-up), coronha ajustável em 6 posições, cano de 9’’ de comprimento, o que garante uma melhor manobrabilidade em qualquer ambiente. Seu raiamento é de 6 raias à direita, com passo de 1:10”.</span></p>
<p><span data-c="">Outro diferencial para esse modelo é o guarda mão U-LOK tipo flutuante, que permite acessórios M-LOK e KEYMOD. Possui acabamento em Cerakote Armor Black, FDE &amp; OD Green.</span></p>
</div>
<div class="a-b-columns__column product-box-gallery js-content-banner-gallery" data-rotate="true">
<div class="picture-slider js-picture-slider" data-pagination-width="470" data-width="690"></div>
<div class="arrow-navigation arrow-navigation--bottom-left"></div>
</div>
</div>
</div>
<div class="wrapper">
<div class="a-b-columns a-b-columns--full product-content">
<div class="a-b-columns__column product-box-detail">
<h3 class="heading--delta">ESPECIFICAÇÕES TÉCNICAS</h3>
<div class="product-spec">
<p><span data-c="">Calibre  </span><span data-c="">9mm</span><br />
<span data-c="">Funcionamento</span><span data-c="">  SAFE | SEMI</span><br />
<span data-c="">Capacidade</span><span data-c=""> 32 cartuchos</span></p>
<p><span data-c="">Para mais informações, consulte o Descritivo Técnico.</span></p>
<p><span data-c="">Imagens ilustrativas. Produto sujeito a alterações sem aviso prévio.</span></p>
</div>
</div>
</div>
</div>

<p class="product-bottom-icons">Entre em contato com o Consultor/Lojista para verificar a disponibilidade deste modelo.</p>
<p class="product-bottom-icons">A aquisição de armas é regulamentada pela Lei 10.826/03, Decreto 9.847/2019 e Decreto 11.615/23. A posse de arma depende de registro por autoridade competente, demonstração de efetiva necessidade e cumprimento dos requisitos legais. O porte de arma é proibido no território nacional, salvo para as categorias autorizadas na Lei e nos casos previstos em legislação própria. A utilização de arma exige treinamento e equilíbrio emocional. Guarde armas e munições em local seguro e fora do alcance de crianças e pessoas não autorizadas.</p>
