{"id":263,"date":"2013-06-07T11:38:12","date_gmt":"2013-06-07T11:38:12","guid":{"rendered":"http:\/\/demo.woothemes.com\/woocommerce\/?post_type=product&#038;p=99"},"modified":"2024-04-01T11:28:31","modified_gmt":"2024-04-01T14:28:31","slug":"woo-single","status":"publish","type":"product","link":"https:\/\/combatte.com.br\/combatte-store\/?product=woo-single","title":{"rendered":"FUZIL T10 20&#8243;"},"content":{"rendered":"<p>Aliando tecnologia ao alto padr\u00e3o de qualidade, a Taurus apresenta o Fuzil T10 20\u201d, que oferece conforto e precis\u00e3o nos disparos.<\/p>\n<p>Com capacidade para 10 ou 20 tiros no calibre .308WIN \/ 7.62&#215;51 NATO, o Fuzil T10 tem cano de 20\u201d e conta com a\u00e7\u00e3o direta de gases e rotativa mec\u00e2nica, al\u00e9m de acabamento em Cerakote\u00ae.<\/p>\n<p>Equipado com guarda-m\u00e3o MLOK e compensador multi-c\u00e2maras, o Fuzil T10 ainda \u00e9 compat\u00edvel com mira rebat\u00edvel, que tem regulagem de altura e profundidade, assim como a sua coronha.<\/p>\n<p>Na lateral direita, est\u00e1 o bot\u00e3o de assist\u00eancia e alimenta\u00e7\u00e3o Forward Assistent. J\u00e1 na lateral esquerda, conta com o ret\u00e9m do ferrolho. A alavanca de manejo e o seletor de tiro s\u00e3o ambidestros.<\/p>\n<p>Confira todas as caracter\u00edsticas do Fuzil T10 20\u201d na ficha t\u00e9cnica.<\/p>\n<p>&nbsp;<\/p>\n<h3><\/h3>\n<h3 class=\"heading--delta\">ESPECIFICA\u00c7\u00d5ES T\u00c9CNICAS<\/h3>\n<div class=\"product-spec\">\n<p><span data-c=\"\">Calibre: .308WIN \/ 7.62&#215;51 NATO<\/span><br \/>\n<span data-c=\"\">Funcionamento:\u00a0<\/span><span data-c=\"\">SAFE | SEMI<\/span><br \/>\n<span data-c=\"\">Capacidade<\/span><span data-c=\"\">\u00a010 ou 20<\/span><\/p>\n<p><span data-c=\"\">Para mais informa\u00e7\u00f5es, consulte o Descritivo T\u00e9cnico.<\/span><\/p>\n<p><span data-c=\"\">Imagens ilustrativas. Produto sujeito a altera\u00e7\u00f5es sem aviso pr\u00e9vio.<\/span><\/p>\n<\/div>\n","protected":false},"excerpt":{"rendered":"<p class=\"product-bottom-icons\">Entre em contato com o Consultor\/Lojista para verificar a disponibilidade deste modelo.<\/p>\n<p class=\"product-bottom-icons\">A aquisi\u00e7\u00e3o de armas \u00e9 regulamentada pela Lei 10.826\/03, Decreto 9.847\/2019 e Decreto 11.615\/23. A posse de arma depende de registro por autoridade competente, demonstra\u00e7\u00e3o de efetiva necessidade e cumprimento dos requisitos legais. O porte de arma \u00e9 proibido no territ\u00f3rio nacional, salvo para as categorias autorizadas na Lei e nos casos previstos em legisla\u00e7\u00e3o pr\u00f3pria. A utiliza\u00e7\u00e3o de arma exige treinamento e equil\u00edbrio emocional. Guarde armas e muni\u00e7\u00f5es em local seguro e fora do alcance de crian\u00e7as e pessoas n\u00e3o autorizadas.<\/p>\n","protected":false},"featured_media":619,"comment_status":"open","ping_status":"closed","template":"","meta":{"om_disable_all_campaigns":false,"_monsterinsights_skip_tracking":false,"_monsterinsights_sitenote_active":false,"_monsterinsights_sitenote_note":"","_monsterinsights_sitenote_category":0,"_uf_show_specific_survey":0,"_uf_disable_surveys":false},"product_cat":[98,99],"product_tag":[],"class_list":{"0":"post-263","1":"product","2":"type-product","3":"status-publish","4":"has-post-thumbnail","6":"product_cat-armas-longas","7":"product_cat-taurus","9":"first","10":"onbackorder","11":"product-type-simple"},"aioseo_notices":[],"_links":{"self":[{"href":"https:\/\/combatte.com.br\/combatte-store\/index.php?rest_route=\/wp\/v2\/product\/263","targetHints":{"allow":["GET"]}}],"collection":[{"href":"https:\/\/combatte.com.br\/combatte-store\/index.php?rest_route=\/wp\/v2\/product"}],"about":[{"href":"https:\/\/combatte.com.br\/combatte-store\/index.php?rest_route=\/wp\/v2\/types\/product"}],"replies":[{"embeddable":true,"href":"https:\/\/combatte.com.br\/combatte-store\/index.php?rest_route=%2Fwp%2Fv2%2Fcomments&post=263"}],"wp:featuredmedia":[{"embeddable":true,"href":"https:\/\/combatte.com.br\/combatte-store\/index.php?rest_route=\/wp\/v2\/media\/619"}],"wp:attachment":[{"href":"https:\/\/combatte.com.br\/combatte-store\/index.php?rest_route=%2Fwp%2Fv2%2Fmedia&parent=263"}],"wp:term":[{"taxonomy":"product_cat","embeddable":true,"href":"https:\/\/combatte.com.br\/combatte-store\/index.php?rest_route=%2Fwp%2Fv2%2Fproduct_cat&post=263"},{"taxonomy":"product_tag","embeddable":true,"href":"https:\/\/combatte.com.br\/combatte-store\/index.php?rest_route=%2Fwp%2Fv2%2Fproduct_tag&post=263"}],"curies":[{"name":"wp","href":"https:\/\/api.w.org\/{rel}","templated":true}]}}