{"id":1241,"date":"2024-05-01T13:24:15","date_gmt":"2024-05-01T16:24:15","guid":{"rendered":"https:\/\/combatte.com.br\/combatte-store\/?post_type=product&#038;p=1241"},"modified":"2024-05-15T13:12:55","modified_gmt":"2024-05-15T16:12:55","slug":"canivete-phanton-black","status":"publish","type":"product","link":"https:\/\/combatte.com.br\/combatte-store\/?product=canivete-phanton-black","title":{"rendered":"CANIVETE PHANTON &#8211; BLACK"},"content":{"rendered":"<div data-content-type=\"row\" data-appearance=\"contained\" data-element=\"main\">\n<div data-enable-parallax=\"0\" data-parallax-speed=\"0.5\" data-background-images=\"{}\" data-background-type=\"image\" data-video-loop=\"true\" data-video-play-only-visible=\"true\" data-video-lazy-load=\"true\" data-video-fallback-src=\"\" data-element=\"inner\" data-pb-style=\"V3W72ND\">\n<div class=\"pagebuilder-column-group\" data-background-images=\"{}\" data-content-type=\"column-group\" data-appearance=\"default\" data-grid-size=\"2\" data-element=\"main\" data-pb-style=\"C6AAMF8\">\n<div class=\"pagebuilder-column-line\" data-content-type=\"column-line\" data-element=\"main\" data-pb-style=\"G0FKT7Q\">\n<div class=\"pagebuilder-column texto\" data-content-type=\"column\" data-appearance=\"full-height\" data-background-images=\"{}\" data-element=\"main\" data-pb-style=\"UT416AM\">\n<h2 data-content-type=\"heading\" data-appearance=\"default\" data-element=\"main\">CANIVETE PHANTON BLACK EDI\u00c7\u00c3O ESPECIAL<\/h2>\n<div data-content-type=\"text\" data-appearance=\"default\" data-element=\"main\">\n<p id=\"F1CLNF1\">A atual vers\u00e3o traz cabo em fibra de vidro G10 texturizado para melhorar o grip. Com isso, apresenta maior estabilidade na hora de sua utiliza\u00e7\u00e3o e resist\u00eancia de material.<\/p>\n<p>&nbsp;<\/p>\n<\/div>\n<\/div>\n<div class=\"pagebuilder-column imagem\" data-content-type=\"column\" data-appearance=\"full-height\" data-background-images=\"{}\" data-element=\"main\" data-pb-style=\"KY5VFJW\">\n<figure data-content-type=\"image\" data-appearance=\"full-width\" data-element=\"main\" data-pb-style=\"HO2YEPD\"><img decoding=\"async\" class=\"pagebuilder-mobile-hidden\" title=\"\" src=\"https:\/\/static.invictus.com.br\/media\/wysiwyg\/feature-1_1.jpg\" alt=\"\" data-element=\"desktop_image\" data-pb-style=\"T8L2HJV\" \/><\/figure>\n<p>&nbsp;<\/p>\n<h2 data-content-type=\"heading\" data-appearance=\"default\" data-element=\"main\">ELEMENTOS T\u00c1TICOS NUMA L\u00c2MINA VERS\u00c1TIL<\/h2>\n<div data-content-type=\"text\" data-appearance=\"default\" data-element=\"main\">\n<p id=\"OIQH8D4\">Com diferenciais como pomo quebra-vidro e fun\u00e7\u00e3o corta-cinto, esta l\u00e2mina se torna essencial para quem procura estar preparado para encarar qualquer situa\u00e7\u00e3o.<\/p>\n<p>&nbsp;<\/p>\n<\/div>\n<p>&nbsp;<\/p>\n<\/div>\n<\/div>\n<\/div>\n<\/div>\n<\/div>\n<div data-content-type=\"row\" data-appearance=\"contained\" data-element=\"main\">\n<div data-enable-parallax=\"0\" data-parallax-speed=\"0.5\" data-background-images=\"{}\" data-background-type=\"image\" data-video-loop=\"true\" data-video-play-only-visible=\"true\" data-video-lazy-load=\"true\" data-video-fallback-src=\"\" data-element=\"inner\" data-pb-style=\"W01KTO2\">\n<div class=\"pagebuilder-column-group\" data-background-images=\"{}\" data-content-type=\"column-group\" data-appearance=\"default\" data-grid-size=\"2\" data-element=\"main\" data-pb-style=\"RT4CTSY\">\n<div class=\"pagebuilder-column-line\" data-content-type=\"column-line\" data-element=\"main\" data-pb-style=\"BF2B8D7\">\n<div class=\"pagebuilder-column imagem\" data-content-type=\"column\" data-appearance=\"full-height\" data-background-images=\"{}\" data-element=\"main\" data-pb-style=\"SJRMDEI\">\n<figure data-content-type=\"image\" data-appearance=\"full-width\" data-element=\"main\" data-pb-style=\"REFUPOI\"><img decoding=\"async\" class=\"pagebuilder-mobile-hidden\" title=\"\" src=\"https:\/\/static.invictus.com.br\/media\/wysiwyg\/feature-2_1.jpg\" alt=\"\" data-element=\"desktop_image\" data-pb-style=\"HVIGRJK\" \/><\/figure>\n<p>&nbsp;<\/p>\n<\/div>\n<div class=\"pagebuilder-column texto\" data-content-type=\"column\" data-appearance=\"full-height\" data-background-images=\"{}\" data-element=\"main\" data-pb-style=\"O6XBMBU\">\n<h2 data-content-type=\"heading\" data-appearance=\"default\" data-element=\"main\">L\u00c2MINA EM A\u00c7O INOXID\u00c1VEL 420<\/h2>\n<div data-content-type=\"text\" data-appearance=\"default\" data-element=\"main\">\n<p id=\"OIQH8D4\">Gra\u00e7as \u00e0s propriedades de durabilidade e resist\u00eancia \u00e0 corros\u00e3o, do a\u00e7o inoxid\u00e1vel 420, ele \u00e9 capaz de resistir ao desgaste di\u00e1rio, garantindo uma longa vida \u00fatil mesmo em condi\u00e7\u00f5es adversas.<\/p>\n<p>&nbsp;<\/p>\n<\/div>\n<\/div>\n<\/div>\n<\/div>\n<\/div>\n<\/div>\n<div data-content-type=\"row\" data-appearance=\"contained\" data-element=\"main\">\n<div data-enable-parallax=\"0\" data-parallax-speed=\"0.5\" data-background-images=\"{}\" data-background-type=\"image\" data-video-loop=\"true\" data-video-play-only-visible=\"true\" data-video-lazy-load=\"true\" data-video-fallback-src=\"\" data-element=\"inner\" data-pb-style=\"MW2IA22\">\n<div class=\"pagebuilder-column-group\" data-background-images=\"{}\" data-content-type=\"column-group\" data-appearance=\"default\" data-grid-size=\"2\" data-element=\"main\" data-pb-style=\"XRFT56A\">\n<div class=\"pagebuilder-column-line\" data-content-type=\"column-line\" data-element=\"main\" data-pb-style=\"OS8OY3J\">\n<div class=\"pagebuilder-column imagem\" data-content-type=\"column\" data-appearance=\"full-height\" data-background-images=\"{}\" data-element=\"main\" data-pb-style=\"SSF60SV\">\n<figure data-content-type=\"image\" data-appearance=\"full-width\" data-element=\"main\" data-pb-style=\"PSROEDJ\"><img decoding=\"async\" class=\"pagebuilder-mobile-hidden\" title=\"\" src=\"https:\/\/static.invictus.com.br\/media\/wysiwyg\/feature-3_1.jpg\" alt=\"\" data-element=\"desktop_image\" data-pb-style=\"UUCVCHC\" \/><\/figure>\n<p>&nbsp;<\/p>\n<div data-content-type=\"row\" data-appearance=\"contained\" data-element=\"main\">\n<div data-enable-parallax=\"0\" data-parallax-speed=\"0.5\" data-background-images=\"{}\" data-background-type=\"image\" data-video-loop=\"true\" data-video-play-only-visible=\"true\" data-video-lazy-load=\"true\" data-video-fallback-src=\"\" data-element=\"inner\" data-pb-style=\"W01KTO2\">\n<div class=\"pagebuilder-column-group\" data-background-images=\"{}\" data-content-type=\"column-group\" data-appearance=\"default\" data-grid-size=\"2\" data-element=\"main\" data-pb-style=\"RT4CTSY\">\n<div class=\"pagebuilder-column-line\" data-content-type=\"column-line\" data-element=\"main\" data-pb-style=\"BF2B8D7\">\n<div class=\"pagebuilder-column texto\" data-content-type=\"column\" data-appearance=\"full-height\" data-background-images=\"{}\" data-element=\"main\" data-pb-style=\"O6XBMBU\">\n<div data-content-type=\"text\" data-appearance=\"default\" data-element=\"main\">\n<p id=\"OIQH8D4\">\n<\/div>\n<\/div>\n<\/div>\n<\/div>\n<\/div>\n<\/div>\n<div data-content-type=\"row\" data-appearance=\"contained\" data-element=\"main\">\n<div data-enable-parallax=\"0\" data-parallax-speed=\"0.5\" data-background-images=\"{}\" data-background-type=\"image\" data-video-loop=\"true\" data-video-play-only-visible=\"true\" data-video-lazy-load=\"true\" data-video-fallback-src=\"\" data-element=\"inner\" data-pb-style=\"MW2IA22\">\n<div class=\"pagebuilder-column-group\" data-background-images=\"{}\" data-content-type=\"column-group\" data-appearance=\"default\" data-grid-size=\"2\" data-element=\"main\" data-pb-style=\"XRFT56A\">\n<div class=\"pagebuilder-column-line\" data-content-type=\"column-line\" data-element=\"main\" data-pb-style=\"OS8OY3J\">\n<div class=\"pagebuilder-column texto\" data-content-type=\"column\" data-appearance=\"full-height\" data-background-images=\"{}\" data-element=\"main\" data-pb-style=\"F12AJ6D\">\n<h2 data-content-type=\"heading\" data-appearance=\"default\" data-element=\"main\">PONTA DROP POINT &amp; ABERTURA SPRING ASSISTED<\/h2>\n<div data-content-type=\"text\" data-appearance=\"default\" data-element=\"main\">\n<p id=\"BU2QJBU\">Originalmente utilizada pelas espadas japonesas Katanas, \u00e9 uma ponta que se destaca pela resist\u00eancia e por possuir alto poder de perfura\u00e7\u00e3o. J\u00e1 no quesito seguran\u00e7a, o Phanton Black apresenta abertura assistida por mola, tamb\u00e9m conhecida como spring assisted.<\/p>\n<p>&nbsp;<\/p>\n<\/div>\n<\/div>\n<\/div>\n<\/div>\n<\/div>\n<\/div>\n<\/div>\n<\/div>\n<\/div>\n<\/div>\n<\/div>\n<div data-content-type=\"row\" data-appearance=\"contained\" data-element=\"main\">\n<div data-enable-parallax=\"0\" data-parallax-speed=\"0.5\" data-background-images=\"{}\" data-background-type=\"image\" data-video-loop=\"true\" data-video-play-only-visible=\"true\" data-video-lazy-load=\"true\" data-video-fallback-src=\"\" data-element=\"inner\" data-pb-style=\"Y1LULQH\">\n<div class=\"pagebuilder-column-group\" data-background-images=\"{}\" data-content-type=\"column-group\" data-appearance=\"default\" data-grid-size=\"2\" data-element=\"main\" data-pb-style=\"CSHXSUI\">\n<div class=\"pagebuilder-column-line\" data-content-type=\"column-line\" data-element=\"main\" data-pb-style=\"A72G5QW\">\n<div class=\"pagebuilder-column imagem\" data-content-type=\"column\" data-appearance=\"full-height\" data-background-images=\"{}\" data-element=\"main\" data-pb-style=\"ULKAMU7\">\n<figure data-content-type=\"image\" data-appearance=\"full-width\" data-element=\"main\" data-pb-style=\"EXNI1HA\"><img decoding=\"async\" class=\"pagebuilder-mobile-hidden\" title=\"\" src=\"https:\/\/static.invictus.com.br\/media\/wysiwyg\/feature-4_1.jpg\" alt=\"\" data-element=\"desktop_image\" data-pb-style=\"F1GL7D6\" \/><\/figure>\n<p>&nbsp;<\/p>\n<\/div>\n<div class=\"pagebuilder-column texto\" data-content-type=\"column\" data-appearance=\"full-height\" data-background-images=\"{}\" data-element=\"main\" data-pb-style=\"FH4XCY7\">\n<div data-content-type=\"text\" data-appearance=\"default\" data-element=\"main\">\n<h3 class=\"heading--delta\">CUIDADOS<\/h3>\n<div class=\"tech-icon\">Mantenha seu canivete\u00a0sempre limpo e afiado.<br \/>\nAp\u00f3s o uso<\/div>\n<div class=\"tech-icon\">lave-o em \u00e1gua corrente e utilize sab\u00e3o neutro e esponja macia<\/div>\n<div class=\"tech-icon\">secando-o em seguida.<br \/>\nN\u00e3o utilize esponjas abrasivas para limpar sua l\u00e2mina<\/div>\n<div class=\"tech-icon\">elas reduzem consideravelmente o fio da mesma.<br \/>\nManter fora do alcance de crian\u00e7as.<\/div>\n<div><\/div>\n<div><\/div>\n<\/div>\n<\/div>\n<\/div>\n<\/div>\n<\/div>\n<\/div>\n<div data-content-type=\"row\" data-appearance=\"contained\" data-element=\"main\">\n<div data-enable-parallax=\"0\" data-parallax-speed=\"0.5\" data-background-images=\"{}\" data-background-type=\"image\" data-video-loop=\"true\" data-video-play-only-visible=\"true\" data-video-lazy-load=\"true\" data-video-fallback-src=\"\" data-element=\"inner\" data-pb-style=\"G0IHRBW\">\n<div data-content-type=\"html\" data-appearance=\"default\" data-element=\"main\" data-pb-style=\"WCWI6M8\" data-decoded=\"true\"><img decoding=\"async\" src=\"https:\/\/static.invictus.com.br\/media\/wysiwyg\/carrossel-2_2.jpg\" alt=\"\" \/><\/div>\n<\/div>\n<\/div>\n","protected":false},"excerpt":{"rendered":"<p class=\"product-bottom-icons\">O Canivete Phanton Black \u00e9 uma edi\u00e7\u00e3o especial de nossa ic\u00f4nica l\u00e2mina, indispens\u00e1vel para compor qualquer tipo de EDC de forma pr\u00e1tica e vers\u00e1til.<\/p>\n<p>&nbsp;<\/p>\n<div class=\"wrapper\">\n<div class=\"a-b-columns a-b-columns--full product-content\">\n<div class=\"a-b-columns__column product-box-text\">\n<div class=\"wrapper\">\n<div class=\"a-b-columns a-b-columns--full product-content\">\n<div class=\"a-b-columns__column product-box-detail\">\n<h3 class=\"heading--delta\">ESPECIFICA\u00c7\u00d5ES T\u00c9CNICAS<\/h3>\n<p>\u2022Cabo em fibra de vidro G10 \u2013 mais estabilidade e resist\u00eancia de material.<br \/>\n\u2022 L\u00e2mina em a\u00e7o inoxid\u00e1vel 420.<br \/>\n\u2022 Abertura assistida por mola (spring assisted).<br \/>\n\u2022 Pomo quebra-vidro.<br \/>\n\u2022 Fun\u00e7\u00e3o corta-cinto.<br \/>\n\u2022 Travamento de seguran\u00e7a liner lock.<br \/>\n\u2022 Cabo texturizado para melhorar o grip.<br \/>\n\u2022 L\u00e2mina em formato Tanto Point.<br \/>\n\u2022 Cor do cabo: Preto<br \/>\n\u2022 Acabamento da l\u00e2mina: Preto<br \/>\n\u2022 Partes internas e clip com acabamento preto.<\/p>\n<p>Dimens\u00f5es aberto: 20cm<br \/>\nComprimento da l\u00e2mina: 8cm<br \/>\nPeso: 133g<\/p>\n<p>IMPORTANTE: imagens ilustrativas.<br \/>\nAs cores do produto podem sofrer varia\u00e7\u00e3o em rela\u00e7\u00e3o aos produtos comercializados, em fun\u00e7\u00e3o de luz, processos gr\u00e1ficos e calibra\u00e7\u00e3o de luminosidade de monitores.<\/p>\n<\/div>\n<\/div>\n<\/div>\n<\/div>\n<\/div>\n<\/div>\n","protected":false},"featured_media":1245,"comment_status":"open","ping_status":"closed","template":"","meta":{"om_disable_all_campaigns":false,"_monsterinsights_skip_tracking":false,"_monsterinsights_sitenote_active":false,"_monsterinsights_sitenote_note":"","_monsterinsights_sitenote_category":0,"_uf_show_specific_survey":0,"_uf_disable_surveys":false},"product_cat":[112,110],"product_tag":[],"class_list":{"0":"post-1241","1":"product","2":"type-product","3":"status-publish","4":"has-post-thumbnail","6":"product_cat-cutelaria","7":"product_cat-invictus","9":"first","10":"onbackorder","11":"shipping-taxable","12":"product-type-simple"},"aioseo_notices":[],"_links":{"self":[{"href":"https:\/\/combatte.com.br\/combatte-store\/index.php?rest_route=\/wp\/v2\/product\/1241","targetHints":{"allow":["GET"]}}],"collection":[{"href":"https:\/\/combatte.com.br\/combatte-store\/index.php?rest_route=\/wp\/v2\/product"}],"about":[{"href":"https:\/\/combatte.com.br\/combatte-store\/index.php?rest_route=\/wp\/v2\/types\/product"}],"replies":[{"embeddable":true,"href":"https:\/\/combatte.com.br\/combatte-store\/index.php?rest_route=%2Fwp%2Fv2%2Fcomments&post=1241"}],"wp:featuredmedia":[{"embeddable":true,"href":"https:\/\/combatte.com.br\/combatte-store\/index.php?rest_route=\/wp\/v2\/media\/1245"}],"wp:attachment":[{"href":"https:\/\/combatte.com.br\/combatte-store\/index.php?rest_route=%2Fwp%2Fv2%2Fmedia&parent=1241"}],"wp:term":[{"taxonomy":"product_cat","embeddable":true,"href":"https:\/\/combatte.com.br\/combatte-store\/index.php?rest_route=%2Fwp%2Fv2%2Fproduct_cat&post=1241"},{"taxonomy":"product_tag","embeddable":true,"href":"https:\/\/combatte.com.br\/combatte-store\/index.php?rest_route=%2Fwp%2Fv2%2Fproduct_tag&post=1241"}],"curies":[{"name":"wp","href":"https:\/\/api.w.org\/{rel}","templated":true}]}}