{"id":1177,"date":"2024-04-08T16:26:58","date_gmt":"2024-04-08T19:26:58","guid":{"rendered":"https:\/\/combatte.com.br\/combatte-store\/?post_type=product&#038;p=1177"},"modified":"2024-04-08T16:40:46","modified_gmt":"2024-04-08T19:40:46","slug":"g26-gen5-subcompacta-9-mm-luger","status":"publish","type":"product","link":"https:\/\/combatte.com.br\/combatte-store\/?product=g26-gen5-subcompacta-9-mm-luger","title":{"rendered":"G26 Gen5 Subcompacta | 9 mm Luger"},"content":{"rendered":"<div class=\"wrapper\">\n<div class=\"a-b-columns a-b-columns--full product-content\">\n<div class=\"a-b-columns__column product-box-text\">\n<div class=\"wrapper\">\n<div class=\"a-b-columns a-b-columns--full product-content\">\n<div class=\"a-b-columns__column product-box-text\">\n<div class=\"wrapper\">\n<div class=\"a-b-columns a-b-columns--full product-content\">\n<div class=\"a-b-columns__column product-box-text\">\n<div class=\"a-b-columns__column product-box-text\">\n<h1 class=\"pistoldetail__description__title\">GLOCK 26 Gen5<\/h1>\n<div class=\"pistoldetail__description\">\n<p>A GLOCK 26 j\u00e1 est\u00e1 dispon\u00edvel na \u00faltima gera\u00e7\u00e3o de perfei\u00e7\u00e3o GLOCK. Uma op\u00e7\u00e3o popular para transporte velado, a GLOCK 26 Gen5 agora possui o Cano GLOCK Marksman (GMB), proporcionando maior precis\u00e3o com\u00a0um raiamento poligonal melhorado e coroa do cano aprimorada. Outras caracter\u00edsticas incluem a remo\u00e7\u00e3o dos relevos dos dedos, um ferrolho ambidestro e o<strong>\u00a0acabamento GLOCK nDLC\u00a0<\/strong>de superf\u00edcie endurecida.<\/p>\n<p>A pistola vem com\u00a0<strong>serrilhado frontal<\/strong>\u00a0(FS) que fornece uma superf\u00edcie t\u00e1til adicional ao manusear o ferrolho dando ao operador tra\u00e7\u00e3o positiva mesmo com m\u00e3o molhada ou suada.<\/p>\n<\/div>\n<p>&nbsp;<\/p>\n<\/div>\n<\/div>\n<\/div>\n<\/div>\n<\/div>\n<\/div>\n<\/div>\n<div class=\"wrapper\">\n<div class=\"a-b-columns a-b-columns--full product-content\">\n<div class=\"a-b-columns__column product-box-text\">\n<div class=\"wrapper\">\n<div class=\"a-b-columns a-b-columns--full product-content\">\n<div class=\"a-b-columns__column product-box-detail\">\n<h3 class=\"heading--delta\">ESPECIFICA\u00c7\u00d5ES T\u00c9CNICAS<\/h3>\n<div class=\"product-spec\">\n<p><a href=\"https:\/\/br.glock.com\/pt-br\/pistolas\/g26-gen5\" target=\"_blank\" rel=\"noopener\"><b>Acessar site do fabricante<\/b><\/a><\/p>\n<p>Para mais informa\u00e7\u00f5es, consulte o Descritivo T\u00e9cnico.<\/p>\n<p>Imagens ilustrativas. Produto sujeito a altera\u00e7\u00f5es sem aviso pr\u00e9vio.<\/p>\n<\/div>\n<\/div>\n<\/div>\n<\/div>\n<\/div>\n<\/div>\n<\/div>\n<\/div>\n<\/div>\n<\/div>\n","protected":false},"excerpt":{"rendered":"<p class=\"product-bottom-icons\">Entre em contato com o Consultor\/Lojista para verificar a disponibilidade deste modelo.<\/p>\n<p class=\"product-bottom-icons\">A aquisi\u00e7\u00e3o de armas \u00e9 regulamentada pela Lei 10.826\/03, Decreto 9.847\/2019 e Decreto 11.615\/23. A posse de arma depende de registro por autoridade competente, demonstra\u00e7\u00e3o de efetiva necessidade e cumprimento dos requisitos legais. O porte de arma \u00e9 proibido no territ\u00f3rio nacional, salvo para as categorias autorizadas na Lei e nos casos previstos em legisla\u00e7\u00e3o pr\u00f3pria. A utiliza\u00e7\u00e3o de arma exige treinamento e equil\u00edbrio emocional. Guarde armas e muni\u00e7\u00f5es em local seguro e fora do alcance de crian\u00e7as e pessoas n\u00e3o autorizadas.<\/p>\n","protected":false},"featured_media":1178,"comment_status":"open","ping_status":"closed","template":"","meta":{"om_disable_all_campaigns":false,"_monsterinsights_skip_tracking":false,"_monsterinsights_sitenote_active":false,"_monsterinsights_sitenote_note":"","_monsterinsights_sitenote_category":0,"_uf_show_specific_survey":0,"_uf_disable_surveys":false},"product_cat":[100,101,103],"product_tag":[],"class_list":{"0":"post-1177","1":"product","2":"type-product","3":"status-publish","4":"has-post-thumbnail","6":"product_cat-armas-curtas","7":"product_cat-glock","8":"product_cat-pistolas","10":"first","11":"onbackorder","12":"product-type-simple"},"aioseo_notices":[],"_links":{"self":[{"href":"https:\/\/combatte.com.br\/combatte-store\/index.php?rest_route=\/wp\/v2\/product\/1177","targetHints":{"allow":["GET"]}}],"collection":[{"href":"https:\/\/combatte.com.br\/combatte-store\/index.php?rest_route=\/wp\/v2\/product"}],"about":[{"href":"https:\/\/combatte.com.br\/combatte-store\/index.php?rest_route=\/wp\/v2\/types\/product"}],"replies":[{"embeddable":true,"href":"https:\/\/combatte.com.br\/combatte-store\/index.php?rest_route=%2Fwp%2Fv2%2Fcomments&post=1177"}],"wp:featuredmedia":[{"embeddable":true,"href":"https:\/\/combatte.com.br\/combatte-store\/index.php?rest_route=\/wp\/v2\/media\/1178"}],"wp:attachment":[{"href":"https:\/\/combatte.com.br\/combatte-store\/index.php?rest_route=%2Fwp%2Fv2%2Fmedia&parent=1177"}],"wp:term":[{"taxonomy":"product_cat","embeddable":true,"href":"https:\/\/combatte.com.br\/combatte-store\/index.php?rest_route=%2Fwp%2Fv2%2Fproduct_cat&post=1177"},{"taxonomy":"product_tag","embeddable":true,"href":"https:\/\/combatte.com.br\/combatte-store\/index.php?rest_route=%2Fwp%2Fv2%2Fproduct_tag&post=1177"}],"curies":[{"name":"wp","href":"https:\/\/api.w.org\/{rel}","templated":true}]}}

<div class="wrapper">
<div class="a-b-columns a-b-columns--full product-content">
<div class="a-b-columns__column product-box-text">
<div class="wrapper">
<div class="a-b-columns a-b-columns--full product-content">
<div class="a-b-columns__column product-box-text">
<div class="wrapper">
<div class="a-b-columns a-b-columns--full product-content">
<div class="a-b-columns__column product-box-text">
<div class="a-b-columns__column product-box-text">
<h1 class="pistoldetail__description__title">GLOCK 26 Gen5</h1>
<div class="pistoldetail__description">
<p>A GLOCK 26 já está disponível na última geração de perfeição GLOCK. Uma opção popular para transporte velado, a GLOCK 26 Gen5 agora possui o Cano GLOCK Marksman (GMB), proporcionando maior precisão com um raiamento poligonal melhorado e coroa do cano aprimorada. Outras características incluem a remoção dos relevos dos dedos, um ferrolho ambidestro e o<strong> acabamento GLOCK nDLC </strong>de superfície endurecida.</p>
<p>A pistola vem com <strong>serrilhado frontal</strong> (FS) que fornece uma superfície tátil adicional ao manusear o ferrolho dando ao operador tração positiva mesmo com mão molhada ou suada.</p>
</div>
<p>&nbsp;</p>
</div>
</div>
</div>
</div>
</div>
</div>
</div>
<div class="wrapper">
<div class="a-b-columns a-b-columns--full product-content">
<div class="a-b-columns__column product-box-text">
<div class="wrapper">
<div class="a-b-columns a-b-columns--full product-content">
<div class="a-b-columns__column product-box-detail">
<h3 class="heading--delta">ESPECIFICAÇÕES TÉCNICAS</h3>
<div class="product-spec">
<p><a href="https://br.glock.com/pt-br/pistolas/g26-gen5" target="_blank" rel="noopener"><b>Acessar site do fabricante</b></a></p>
<p>Para mais informações, consulte o Descritivo Técnico.</p>
<p>Imagens ilustrativas. Produto sujeito a alterações sem aviso prévio.</p>
</div>
</div>
</div>
</div>
</div>
</div>
</div>
</div>
</div>
</div>

<p class="product-bottom-icons">Entre em contato com o Consultor/Lojista para verificar a disponibilidade deste modelo.</p>
<p class="product-bottom-icons">A aquisição de armas é regulamentada pela Lei 10.826/03, Decreto 9.847/2019 e Decreto 11.615/23. A posse de arma depende de registro por autoridade competente, demonstração de efetiva necessidade e cumprimento dos requisitos legais. O porte de arma é proibido no território nacional, salvo para as categorias autorizadas na Lei e nos casos previstos em legislação própria. A utilização de arma exige treinamento e equilíbrio emocional. Guarde armas e munições em local seguro e fora do alcance de crianças e pessoas não autorizadas.</p>
