{"id":1144,"date":"2024-04-08T15:15:18","date_gmt":"2024-04-08T18:15:18","guid":{"rendered":"https:\/\/combatte.com.br\/combatte-store\/?post_type=product&#038;p=1144"},"modified":"2024-04-08T15:25:29","modified_gmt":"2024-04-08T18:25:29","slug":"boito-reuna","status":"publish","type":"product","link":"https:\/\/combatte.com.br\/combatte-store\/?product=boito-reuna","title":{"rendered":"BOITO REUNA"},"content":{"rendered":"<div class=\"wrapper\">\n<div class=\"a-b-columns a-b-columns--full product-content\">\n<div class=\"a-b-columns__column product-box-text\">\n<div class=\"wrapper\">\n<div class=\"a-b-columns a-b-columns--full product-content\">\n<div class=\"a-b-columns__column product-box-text\">\n<div class=\"wrapper\">\n<div class=\"a-b-columns a-b-columns--full product-content\">\n<div class=\"a-b-columns__column product-box-text\">\n<div class=\"a-b-columns__column product-box-text\">\n<p>A espingarda de um cano marca BOITO, modelo RE\u00daNA, fabricada na vers\u00e3o Ca\u00e7a, re\u00fane as caracter\u00edsticas\u00a0de robustez, modernidade e simples manejo j\u00e1 tradicionais em nossa marca. Todas as espingardas modelo\u00a0RE\u00daNA com c\u00e3o externo, possuem sistema de fecho autocompensante e trava de seguran\u00e7a no gatilho.<\/p>\n<p>Nos calibres 12, 20 e 28 choque cambi\u00e1vel.<\/p>\n<p>Nos calibres 32 e 36 choque fixo.<\/p>\n<p>&nbsp;<\/p>\n<p><strong>Agora com acabamento acetinado!<\/strong><\/p>\n<p><strong>\u00a0<\/strong><\/p>\n<p>Esta espingarda \u00e9 oferecida nos modelos:<\/p>\n<p><strong>STANDARD:<\/strong>\u00a0Culatra e conjunto cano oxidados.<\/p>\n<p><strong>LUXO:\u00a0<\/strong>Culatra em a\u00e7o niquelado e cano oxidado.<\/p>\n<p><strong>SUPER LUXO:\u00a0<\/strong>Conjunto cano oxidado e culatra em a\u00e7o niquelado com grava\u00e7\u00e3o em baixo relevo.<\/p>\n<p><strong>RE\u00daNA TRAP:\u00a0<\/strong>Conjunto cano oxidado e culatra em a\u00e7o niquelado com grava\u00e7\u00e3o em baixo relevo, cano 30&#8243;, choque cambi\u00e1vel, coronha regul\u00e1vel em nogueira, mira vermelha, varilha maci\u00e7a, ejetor de cartuchos.<\/p>\n<p>&nbsp;<\/p>\n<\/div>\n<\/div>\n<\/div>\n<\/div>\n<\/div>\n<\/div>\n<\/div>\n<div class=\"wrapper\">\n<div class=\"a-b-columns a-b-columns--full product-content\">\n<div class=\"a-b-columns__column product-box-text\">\n<div class=\"wrapper\">\n<div class=\"a-b-columns a-b-columns--full product-content\">\n<div class=\"a-b-columns__column product-box-detail\">\n<h3 class=\"heading--delta\">ESPECIFICA\u00c7\u00d5ES T\u00c9CNICAS<\/h3>\n<div class=\"product-spec\">\n<p>Baixe os arquivos abaixo em formato PDF.<\/p>\n<ul>\n<li><a href=\"https:\/\/www.armasboito.com.br\/anexos\/Arquivos\/75d5d2283c4f25af8c30b6633db2c4e3.pdf\" target=\"_blank\" rel=\"noopener\">Vista Explodida: Reuna<\/a><\/li>\n<li><a href=\"https:\/\/www.armasboito.com.br\/anexos\/Arquivos\/eca9e9cd82659dea03e7f8b8733a1f97.pdf\" target=\"_blank\" rel=\"noopener\">Modelo de Desenho: Reuna<\/a><\/li>\n<li><a href=\"https:\/\/www.armasboito.com.br\/anexos\/Arquivos\/d7083f9e0fb41d81feaebe6187d155f9.pdf\" target=\"_blank\" rel=\"noopener\">Especifica\u00e7\u00f5es T\u00e9cnicas: REUNA<\/a><\/li>\n<li><a href=\"https:\/\/www.armasboito.com.br\/anexos\/Arquivos\/db4494e56d856e1b56e58330d31998d4.pdf\" target=\"_blank\" rel=\"noopener\">Vista Explodida RE\u00daNA TRAP<\/a><\/li>\n<li><a href=\"https:\/\/www.armasboito.com.br\/anexos\/Arquivos\/353db4da05a2b7a168dc95949018d4b4.pdf\" target=\"_blank\" rel=\"noopener\">Manual Reuna<\/a><\/li>\n<\/ul>\n<\/div>\n<\/div>\n<\/div>\n<\/div>\n<\/div>\n<\/div>\n<\/div>\n<\/div>\n<\/div>\n<\/div>\n","protected":false},"excerpt":{"rendered":"<p class=\"product-bottom-icons\">Entre em contato com o Consultor\/Lojista para verificar a disponibilidade deste modelo.<\/p>\n<p class=\"product-bottom-icons\">A aquisi\u00e7\u00e3o de armas \u00e9 regulamentada pela Lei 10.826\/03, Decreto 9.847\/2019 e Decreto 11.615\/23. A posse de arma depende de registro por autoridade competente, demonstra\u00e7\u00e3o de efetiva necessidade e cumprimento dos requisitos legais. O porte de arma \u00e9 proibido no territ\u00f3rio nacional, salvo para as categorias autorizadas na Lei e nos casos previstos em legisla\u00e7\u00e3o pr\u00f3pria. A utiliza\u00e7\u00e3o de arma exige treinamento e equil\u00edbrio emocional. Guarde armas e muni\u00e7\u00f5es em local seguro e fora do alcance de crian\u00e7as e pessoas n\u00e3o autorizadas.<\/p>\n","protected":false},"featured_media":1145,"comment_status":"open","ping_status":"closed","template":"","meta":{"om_disable_all_campaigns":false,"_monsterinsights_skip_tracking":false,"_monsterinsights_sitenote_active":false,"_monsterinsights_sitenote_note":"","_monsterinsights_sitenote_category":0,"_uf_show_specific_survey":0,"_uf_disable_surveys":false},"product_cat":[98,108],"product_tag":[],"class_list":{"0":"post-1144","1":"product","2":"type-product","3":"status-publish","4":"has-post-thumbnail","6":"product_cat-armas-longas","7":"product_cat-boito","9":"first","10":"onbackorder","11":"product-type-simple"},"aioseo_notices":[],"_links":{"self":[{"href":"https:\/\/combatte.com.br\/combatte-store\/index.php?rest_route=\/wp\/v2\/product\/1144","targetHints":{"allow":["GET"]}}],"collection":[{"href":"https:\/\/combatte.com.br\/combatte-store\/index.php?rest_route=\/wp\/v2\/product"}],"about":[{"href":"https:\/\/combatte.com.br\/combatte-store\/index.php?rest_route=\/wp\/v2\/types\/product"}],"replies":[{"embeddable":true,"href":"https:\/\/combatte.com.br\/combatte-store\/index.php?rest_route=%2Fwp%2Fv2%2Fcomments&post=1144"}],"wp:featuredmedia":[{"embeddable":true,"href":"https:\/\/combatte.com.br\/combatte-store\/index.php?rest_route=\/wp\/v2\/media\/1145"}],"wp:attachment":[{"href":"https:\/\/combatte.com.br\/combatte-store\/index.php?rest_route=%2Fwp%2Fv2%2Fmedia&parent=1144"}],"wp:term":[{"taxonomy":"product_cat","embeddable":true,"href":"https:\/\/combatte.com.br\/combatte-store\/index.php?rest_route=%2Fwp%2Fv2%2Fproduct_cat&post=1144"},{"taxonomy":"product_tag","embeddable":true,"href":"https:\/\/combatte.com.br\/combatte-store\/index.php?rest_route=%2Fwp%2Fv2%2Fproduct_tag&post=1144"}],"curies":[{"name":"wp","href":"https:\/\/api.w.org\/{rel}","templated":true}]}}

<div class="wrapper">
<div class="a-b-columns a-b-columns--full product-content">
<div class="a-b-columns__column product-box-text">
<div class="wrapper">
<div class="a-b-columns a-b-columns--full product-content">
<div class="a-b-columns__column product-box-text">
<div class="wrapper">
<div class="a-b-columns a-b-columns--full product-content">
<div class="a-b-columns__column product-box-text">
<div class="a-b-columns__column product-box-text">
<p>A espingarda de um cano marca BOITO, modelo REÚNA, fabricada na versão Caça, reúne as características de robustez, modernidade e simples manejo já tradicionais em nossa marca. Todas as espingardas modelo REÚNA com cão externo, possuem sistema de fecho autocompensante e trava de segurança no gatilho.</p>
<p>Nos calibres 12, 20 e 28 choque cambiável.</p>
<p>Nos calibres 32 e 36 choque fixo.</p>
<p>&nbsp;</p>
<p><strong>Agora com acabamento acetinado!</strong></p>
<p><strong> </strong></p>
<p>Esta espingarda é oferecida nos modelos:</p>
<p><strong>STANDARD:</strong> Culatra e conjunto cano oxidados.</p>
<p><strong>LUXO: </strong>Culatra em aço niquelado e cano oxidado.</p>
<p><strong>SUPER LUXO: </strong>Conjunto cano oxidado e culatra em aço niquelado com gravação em baixo relevo.</p>
<p><strong>REÚNA TRAP: </strong>Conjunto cano oxidado e culatra em aço niquelado com gravação em baixo relevo, cano 30&#8243;, choque cambiável, coronha regulável em nogueira, mira vermelha, varilha maciça, ejetor de cartuchos.</p>
<p>&nbsp;</p>
</div>
</div>
</div>
</div>
</div>
</div>
</div>
<div class="wrapper">
<div class="a-b-columns a-b-columns--full product-content">
<div class="a-b-columns__column product-box-text">
<div class="wrapper">
<div class="a-b-columns a-b-columns--full product-content">
<div class="a-b-columns__column product-box-detail">
<h3 class="heading--delta">ESPECIFICAÇÕES TÉCNICAS</h3>
<div class="product-spec">
<p>Baixe os arquivos abaixo em formato PDF.</p>
<ul>
<li><a href="https://www.armasboito.com.br/anexos/Arquivos/75d5d2283c4f25af8c30b6633db2c4e3.pdf" target="_blank" rel="noopener">Vista Explodida: Reuna</a></li>
<li><a href="https://www.armasboito.com.br/anexos/Arquivos/eca9e9cd82659dea03e7f8b8733a1f97.pdf" target="_blank" rel="noopener">Modelo de Desenho: Reuna</a></li>
<li><a href="https://www.armasboito.com.br/anexos/Arquivos/d7083f9e0fb41d81feaebe6187d155f9.pdf" target="_blank" rel="noopener">Especificações Técnicas: REUNA</a></li>
<li><a href="https://www.armasboito.com.br/anexos/Arquivos/db4494e56d856e1b56e58330d31998d4.pdf" target="_blank" rel="noopener">Vista Explodida REÚNA TRAP</a></li>
<li><a href="https://www.armasboito.com.br/anexos/Arquivos/353db4da05a2b7a168dc95949018d4b4.pdf" target="_blank" rel="noopener">Manual Reuna</a></li>
</ul>
</div>
</div>
</div>
</div>
</div>
</div>
</div>
</div>
</div>
</div>

<p class="product-bottom-icons">Entre em contato com o Consultor/Lojista para verificar a disponibilidade deste modelo.</p>
<p class="product-bottom-icons">A aquisição de armas é regulamentada pela Lei 10.826/03, Decreto 9.847/2019 e Decreto 11.615/23. A posse de arma depende de registro por autoridade competente, demonstração de efetiva necessidade e cumprimento dos requisitos legais. O porte de arma é proibido no território nacional, salvo para as categorias autorizadas na Lei e nos casos previstos em legislação própria. A utilização de arma exige treinamento e equilíbrio emocional. Guarde armas e munições em local seguro e fora do alcance de crianças e pessoas não autorizadas.</p>
