{"id":1135,"date":"2024-04-08T15:04:36","date_gmt":"2024-04-08T18:04:36","guid":{"rendered":"https:\/\/combatte.com.br\/combatte-store\/?post_type=product&#038;p=1135"},"modified":"2024-04-08T15:17:34","modified_gmt":"2024-04-08T18:17:34","slug":"boito-era-2001","status":"publish","type":"product","link":"https:\/\/combatte.com.br\/combatte-store\/?product=boito-era-2001","title":{"rendered":"BOITO ERA 2001"},"content":{"rendered":"<div class=\"wrapper\">\n<div class=\"a-b-columns a-b-columns--full product-content\">\n<div class=\"a-b-columns__column product-box-text\">\n<div class=\"wrapper\">\n<div class=\"a-b-columns a-b-columns--full product-content\">\n<div class=\"a-b-columns__column product-box-text\">\n<div class=\"wrapper\">\n<div class=\"a-b-columns a-b-columns--full product-content\">\n<div class=\"a-b-columns__column product-box-text\">\n<div class=\"a-b-columns__column product-box-text\">\n<p>Quando as exig\u00eancias tecnol\u00f3gicas s\u00e3o elevadas e se precisa de qualidade unida a bom acabamento e\u00a0desempenho, n\u00e3o basta dispor de completos processos de fabrica\u00e7\u00e3o, se requer uma dedica\u00e7\u00e3o espec\u00edfica\u00a0na solicita\u00e7\u00e3o de cada cliente. Foi por isso que a E.R. Amantino lan\u00e7ou a ERA 2001, uma espingarda\u00a0destinada para os mais exigentes ca\u00e7adores e atiradores de pedana.<\/p>\n<p>&nbsp;<\/p>\n<p>Perfeitas caracter\u00edsticas de manejo:\u00a0agulhas retr\u00e1teis; Choques a crit\u00e9rio do cliente; Gatilho dourado; Extratores autom\u00e1ticos; Coronha em\u00a0nogueira com amortecedor e seletor de cano.<\/p>\n<p>&nbsp;<\/p>\n<p>Sob encomenda s\u00e3o oferecidas as seguintes op\u00e7\u00f5es: Coronha regul\u00e1vel para tiro ao prato; 2.\u00ba jogo de<\/p>\n<p>canos de comprimento diferente; Op\u00e7\u00e3o Mono-Trap.<\/p>\n<p>&nbsp;<\/p>\n<p><strong>Obs.: No Calibre 12 est\u00e3o dispon\u00edveis conjuntos de coronha e telha em material sint\u00e9tico na cor preta ou camuflados<br \/>\n<\/strong><\/p>\n<p><strong>\u00a0<\/strong><\/p>\n<p>Esta espingarda \u00e9 oferecida nos\u00a0modelos:<\/p>\n<ul>\n<li><strong>STANDARD<\/strong>\u00a0&#8211; culatra e conjunto de\u00a0canos oxidados.<\/li>\n<li><strong>LUXO<\/strong>\u00a0&#8211; culatra em a\u00e7o inox com\u00a0estampa lateral e canos oxidados.<\/li>\n<li><strong>SUPER LUXO<\/strong>\u00a0&#8211; culatra em a\u00e7o inox\u00a0com grava\u00e7\u00e3o em baixo relevo e\u00a0canos oxidado.<\/li>\n<li><strong>MONOTRAP<\/strong>\u00a0&#8211; culatra em a\u00e7o inox com grava\u00e7\u00e3o em baixo relevo, cano monotrap oxidado e coronha regul\u00e1vel.<\/li>\n<\/ul>\n<p>&nbsp;<\/p>\n<\/div>\n<\/div>\n<\/div>\n<\/div>\n<\/div>\n<\/div>\n<\/div>\n<div class=\"wrapper\">\n<div class=\"a-b-columns a-b-columns--full product-content\">\n<div class=\"a-b-columns__column product-box-text\">\n<div class=\"wrapper\">\n<div class=\"a-b-columns a-b-columns--full product-content\">\n<div class=\"a-b-columns__column product-box-detail\">\n<h3 class=\"heading--delta\">ESPECIFICA\u00c7\u00d5ES T\u00c9CNICAS<\/h3>\n<div class=\"product-spec\">\n<p>Baixe os arquivos abaixo em formato PDF.<\/p>\n<ul>\n<li><a href=\"https:\/\/www.armasboito.com.br\/anexos\/Arquivos\/37b05b87a6e5e7f53155afad9ddf6d6c.pdf\" target=\"_blank\" rel=\"noopener\">Vistas Explodidas: ERA 2001<\/a><\/li>\n<li><a href=\"https:\/\/www.armasboito.com.br\/anexos\/Arquivos\/e4c51da347fe55d29787d54b1fd14b13.pdf\" target=\"_blank\" rel=\"noopener\">Especifica\u00e7\u00f5es T\u00e9cnicas: ERA 2001<\/a><\/li>\n<li><a href=\"https:\/\/www.armasboito.com.br\/anexos\/Arquivos\/9503415ff816c59e9f18d77f52b269a9.pdf\" target=\"_blank\" rel=\"noopener\">Modelo de Desenho: Standard<\/a><\/li>\n<li><a href=\"https:\/\/www.armasboito.com.br\/anexos\/Arquivos\/9c9e73c699044307a7c7b86fb5810519.pdf\" target=\"_blank\" rel=\"noopener\">Modelo de Desenho: Luxo<\/a><\/li>\n<li><a href=\"https:\/\/www.armasboito.com.br\/anexos\/Arquivos\/f0e99ff42652551624fbc5c8c56c2c7b.pdf\" target=\"_blank\" rel=\"noopener\">Modelo de Desenho: Super Luxo<\/a><\/li>\n<li><a href=\"https:\/\/www.armasboito.com.br\/anexos\/Arquivos\/7a9fea545b0f37d0747ee36860c16a82.pdf\" target=\"_blank\" rel=\"noopener\">Manual ERA 2001<\/a><\/li>\n<\/ul>\n<\/div>\n<\/div>\n<\/div>\n<\/div>\n<\/div>\n<\/div>\n<\/div>\n<\/div>\n<\/div>\n<\/div>\n","protected":false},"excerpt":{"rendered":"<p class=\"product-bottom-icons\">Entre em contato com o Consultor\/Lojista para verificar a disponibilidade deste modelo.<\/p>\n<p class=\"product-bottom-icons\">A aquisi\u00e7\u00e3o de armas \u00e9 regulamentada pela Lei 10.826\/03, Decreto 9.847\/2019 e Decreto 11.615\/23. A posse de arma depende de registro por autoridade competente, demonstra\u00e7\u00e3o de efetiva necessidade e cumprimento dos requisitos legais. O porte de arma \u00e9 proibido no territ\u00f3rio nacional, salvo para as categorias autorizadas na Lei e nos casos previstos em legisla\u00e7\u00e3o pr\u00f3pria. A utiliza\u00e7\u00e3o de arma exige treinamento e equil\u00edbrio emocional. Guarde armas e muni\u00e7\u00f5es em local seguro e fora do alcance de crian\u00e7as e pessoas n\u00e3o autorizadas.<\/p>\n","protected":false},"featured_media":1136,"comment_status":"open","ping_status":"closed","template":"","meta":{"om_disable_all_campaigns":false,"_monsterinsights_skip_tracking":false,"_monsterinsights_sitenote_active":false,"_monsterinsights_sitenote_note":"","_monsterinsights_sitenote_category":0,"_uf_show_specific_survey":0,"_uf_disable_surveys":false},"product_cat":[98,108],"product_tag":[],"class_list":{"0":"post-1135","1":"product","2":"type-product","3":"status-publish","4":"has-post-thumbnail","6":"product_cat-armas-longas","7":"product_cat-boito","9":"first","10":"onbackorder","11":"product-type-simple"},"aioseo_notices":[],"_links":{"self":[{"href":"https:\/\/combatte.com.br\/combatte-store\/index.php?rest_route=\/wp\/v2\/product\/1135","targetHints":{"allow":["GET"]}}],"collection":[{"href":"https:\/\/combatte.com.br\/combatte-store\/index.php?rest_route=\/wp\/v2\/product"}],"about":[{"href":"https:\/\/combatte.com.br\/combatte-store\/index.php?rest_route=\/wp\/v2\/types\/product"}],"replies":[{"embeddable":true,"href":"https:\/\/combatte.com.br\/combatte-store\/index.php?rest_route=%2Fwp%2Fv2%2Fcomments&post=1135"}],"wp:featuredmedia":[{"embeddable":true,"href":"https:\/\/combatte.com.br\/combatte-store\/index.php?rest_route=\/wp\/v2\/media\/1136"}],"wp:attachment":[{"href":"https:\/\/combatte.com.br\/combatte-store\/index.php?rest_route=%2Fwp%2Fv2%2Fmedia&parent=1135"}],"wp:term":[{"taxonomy":"product_cat","embeddable":true,"href":"https:\/\/combatte.com.br\/combatte-store\/index.php?rest_route=%2Fwp%2Fv2%2Fproduct_cat&post=1135"},{"taxonomy":"product_tag","embeddable":true,"href":"https:\/\/combatte.com.br\/combatte-store\/index.php?rest_route=%2Fwp%2Fv2%2Fproduct_tag&post=1135"}],"curies":[{"name":"wp","href":"https:\/\/api.w.org\/{rel}","templated":true}]}}