{"id":1101,"date":"2024-04-08T11:59:47","date_gmt":"2024-04-08T14:59:47","guid":{"rendered":"https:\/\/combatte.com.br\/combatte-store\/?post_type=product&#038;p=1101"},"modified":"2024-04-08T12:07:35","modified_gmt":"2024-04-08T15:07:35","slug":"boito-a-680-copia","status":"publish","type":"product","link":"https:\/\/combatte.com.br\/combatte-store\/?product=boito-a-680-copia","title":{"rendered":"BOITO A\/681"},"content":{"rendered":"<div class=\"wrapper\">\n<div class=\"a-b-columns a-b-columns--full product-content\">\n<div class=\"a-b-columns__column product-box-text\">\n<div class=\"wrapper\">\n<div class=\"a-b-columns a-b-columns--full product-content\">\n<div class=\"a-b-columns__column product-box-text\">\n<div class=\"wrapper\">\n<div class=\"a-b-columns a-b-columns--full product-content\">\n<div class=\"a-b-columns__column product-box-text\">\n<div class=\"a-b-columns__column product-box-text\">\n<p>Leve, robusta e de grande performance, a paralela tornou-se uma arma adequada para o ca\u00e7ador. Arma de\u00a0disparo monogatilho, com duplo fecho e cal\u00e7o de resist\u00eancia, agulhas retr\u00e1teis e trava de mecanismo de\u00a0disparo autom\u00e1tico. Componentes do mecanismo microfundidos em a\u00e7o especial com posterior tratamento\u00a0t\u00e9rmico, garantem longa vida e perfeita funcionalidade.<\/p>\n<p>Esta arma \u00e9 fornecida nos modelos:<\/p>\n<ul>\n<li><strong>STANDARD<\/strong>\u00a0&#8211; Culatra e conjunto de canos oxidados.<\/li>\n<li><strong>LUXO<\/strong>\u00a0&#8211; Culatra com acabamento niquelado e canos oxidados.<\/li>\n<li><strong>SUPER LUXO<\/strong>\u00a0&#8211; Culatra\u00a0com acabamento niquelado ou oxidado, grava\u00e7\u00e3o em baixo relevo e canos oxidados.<\/li>\n<\/ul>\n<h4>Obs.: No Calibre 12 est\u00e3o dispon\u00edveis conjuntos de coronha e telha em material sint\u00e9tico na cor preta ou camuflados.<\/h4>\n<p>&nbsp;<\/p>\n<\/div>\n<\/div>\n<\/div>\n<\/div>\n<\/div>\n<\/div>\n<\/div>\n<div class=\"wrapper\">\n<div class=\"a-b-columns a-b-columns--full product-content\">\n<div class=\"a-b-columns__column product-box-text\">\n<div class=\"wrapper\">\n<div class=\"a-b-columns a-b-columns--full product-content\">\n<div class=\"a-b-columns__column product-box-detail\">\n<h3 class=\"heading--delta\">ESPECIFICA\u00c7\u00d5ES T\u00c9CNICAS<\/h3>\n<div class=\"product-spec\">\n<ul>\n<li>Baixe os arquivos abaixo em formato PDF.\n<ul>\n<li><a href=\"https:\/\/www.armasboito.com.br\/anexos\/Arquivos\/f287c9bf41859eac6f1e644be6b920a7.pdf\" target=\"_blank\" rel=\"noopener\">Vistas Explodidas: A\/681 (monogatilho)<\/a><\/li>\n<li><a href=\"https:\/\/www.armasboito.com.br\/anexos\/Arquivos\/f34ae0384bf0c4276406b94fd643546c.pdf\" target=\"_blank\" rel=\"noopener\">Manual A\/681<\/a><\/li>\n<li><a href=\"https:\/\/www.armasboito.com.br\/anexos\/Arquivos\/ba47654c2853e36f97329895c11e862c.pdf\" target=\"_blank\" rel=\"noopener\">Especifica\u00e7\u00f5es T\u00e9cnicas: A\/681 (monogatilho)<\/a><\/li>\n<li><a href=\"https:\/\/www.armasboito.com.br\/anexos\/Arquivos\/2f18e8bb5c3fadc9f33f520e847e602f.pdf\" target=\"_blank\" rel=\"noopener\">Modelos de Desenhos Super Luxo<\/a><\/li>\n<\/ul>\n<\/li>\n<\/ul>\n<\/div>\n<\/div>\n<\/div>\n<\/div>\n<\/div>\n<\/div>\n<\/div>\n<\/div>\n<\/div>\n<\/div>\n","protected":false},"excerpt":{"rendered":"<p class=\"product-bottom-icons\">Entre em contato com o Consultor\/Lojista para verificar a disponibilidade deste modelo.<\/p>\n<p class=\"product-bottom-icons\">A aquisi\u00e7\u00e3o de armas \u00e9 regulamentada pela Lei 10.826\/03, Decreto 9.847\/2019 e Decreto 11.615\/23. A posse de arma depende de registro por autoridade competente, demonstra\u00e7\u00e3o de efetiva necessidade e cumprimento dos requisitos legais. O porte de arma \u00e9 proibido no territ\u00f3rio nacional, salvo para as categorias autorizadas na Lei e nos casos previstos em legisla\u00e7\u00e3o pr\u00f3pria. A utiliza\u00e7\u00e3o de arma exige treinamento e equil\u00edbrio emocional. Guarde armas e muni\u00e7\u00f5es em local seguro e fora do alcance de crian\u00e7as e pessoas n\u00e3o autorizadas.<\/p>\n","protected":false},"featured_media":1097,"comment_status":"open","ping_status":"closed","template":"","meta":{"om_disable_all_campaigns":false,"_monsterinsights_skip_tracking":false,"_monsterinsights_sitenote_active":false,"_monsterinsights_sitenote_note":"","_monsterinsights_sitenote_category":0,"_uf_show_specific_survey":0,"_uf_disable_surveys":false},"product_cat":[98,108],"product_tag":[],"class_list":{"0":"post-1101","1":"product","2":"type-product","3":"status-publish","4":"has-post-thumbnail","6":"product_cat-armas-longas","7":"product_cat-boito","9":"first","10":"onbackorder","11":"product-type-simple"},"aioseo_notices":[],"_links":{"self":[{"href":"https:\/\/combatte.com.br\/combatte-store\/index.php?rest_route=\/wp\/v2\/product\/1101","targetHints":{"allow":["GET"]}}],"collection":[{"href":"https:\/\/combatte.com.br\/combatte-store\/index.php?rest_route=\/wp\/v2\/product"}],"about":[{"href":"https:\/\/combatte.com.br\/combatte-store\/index.php?rest_route=\/wp\/v2\/types\/product"}],"replies":[{"embeddable":true,"href":"https:\/\/combatte.com.br\/combatte-store\/index.php?rest_route=%2Fwp%2Fv2%2Fcomments&post=1101"}],"wp:featuredmedia":[{"embeddable":true,"href":"https:\/\/combatte.com.br\/combatte-store\/index.php?rest_route=\/wp\/v2\/media\/1097"}],"wp:attachment":[{"href":"https:\/\/combatte.com.br\/combatte-store\/index.php?rest_route=%2Fwp%2Fv2%2Fmedia&parent=1101"}],"wp:term":[{"taxonomy":"product_cat","embeddable":true,"href":"https:\/\/combatte.com.br\/combatte-store\/index.php?rest_route=%2Fwp%2Fv2%2Fproduct_cat&post=1101"},{"taxonomy":"product_tag","embeddable":true,"href":"https:\/\/combatte.com.br\/combatte-store\/index.php?rest_route=%2Fwp%2Fv2%2Fproduct_tag&post=1101"}],"curies":[{"name":"wp","href":"https:\/\/api.w.org\/{rel}","templated":true}]}}