{"id":1085,"date":"2024-04-08T10:30:37","date_gmt":"2024-04-08T13:30:37","guid":{"rendered":"https:\/\/combatte.com.br\/combatte-store\/?post_type=product&#038;p=1085"},"modified":"2024-04-08T10:38:00","modified_gmt":"2024-04-08T13:38:00","slug":"g2c-40-anos-tusa","status":"publish","type":"product","link":"https:\/\/combatte.com.br\/combatte-store\/?product=g2c-40-anos-tusa","title":{"rendered":"G2C 40 ANOS TUSA"},"content":{"rendered":"<div class=\"wrapper\">\n<div class=\"a-b-columns a-b-columns--full product-content\">\n<div class=\"a-b-columns__column product-box-text\">\n<div class=\"wrapper\">\n<div class=\"a-b-columns a-b-columns--full product-content\">\n<div class=\"a-b-columns__column product-box-text\">\n<div class=\"wrapper\">\n<div class=\"a-b-columns a-b-columns--full product-content\">\n<div class=\"a-b-columns__column product-box-text\">\n<div class=\"a-b-columns__column product-box-text\">\n<p>H\u00e1\u00a0 40\u00a0 anos,\u00a0 conquistamos\u00a0 um\u00a0 marco\u00a0 importante\u00a0 da\u00a0 nossa hist\u00f3ria\u00a0 com\u00a0 o\u00a0 in\u00edcio\u00a0 da\u00a0 Taurus\u00a0 USA. Como forma de comemora\u00e7\u00e3o, lan\u00e7amos uma edi\u00e7\u00e3o especial e limitada da nossa pistola mais vendida, a G2c 40 anos TUSA, que possui design exclusivo estampando os s\u00edmbolos dessa nossa grande conquista. Possui capacidade de 12 tiros, calibre 9x19mm, cano de 83mm e mecanismo de disparo em a\u00e7\u00e3o simples e dupla de percussor lan\u00e7ado e com arma\u00e7\u00e3o em pol\u00edmero. \u00c9 adequada para a utiliza\u00e7\u00e3o como arma de porte velado e de back up na defesa pessoal. Equipada com trilho<em>\u00a0picatinny<\/em>\u00a0para acoplamento de acess\u00f3rios e trava manual externa.<\/p>\n<p>&nbsp;<\/p>\n<\/div>\n<\/div>\n<\/div>\n<\/div>\n<\/div>\n<\/div>\n<\/div>\n<div class=\"wrapper\">\n<div class=\"a-b-columns a-b-columns--full product-content\">\n<div class=\"a-b-columns__column product-box-text\">\n<div class=\"wrapper\">\n<div class=\"a-b-columns a-b-columns--full product-content\">\n<div class=\"a-b-columns__column product-box-detail\">\n<h3 class=\"heading--delta\">ESPECIFICA\u00c7\u00d5ES T\u00c9CNICAS<\/h3>\n<div class=\"product-spec\">\n<p><strong>Calibre<\/strong>\u00a0 9x19mm<br \/>\n<strong>Capacidade<\/strong>\u00a012+1<br \/>\n<strong>A\u00e7\u00e3o<\/strong>\u00a0Striker Fire<\/p>\n<p>Para mais informa\u00e7\u00f5es, consulte o Descritivo T\u00e9cnico.<\/p>\n<p>Imagens ilustrativas. Produto sujeito a altera\u00e7\u00f5es sem aviso pr\u00e9vio.<\/p>\n<\/div>\n<\/div>\n<\/div>\n<\/div>\n<\/div>\n<\/div>\n<\/div>\n<\/div>\n<\/div>\n<\/div>\n","protected":false},"excerpt":{"rendered":"<p class=\"product-bottom-icons\">Entre em contato com o Consultor\/Lojista para verificar a disponibilidade deste modelo.<\/p>\n<p class=\"product-bottom-icons\">A aquisi\u00e7\u00e3o de armas \u00e9 regulamentada pela Lei 10.826\/03, Decreto 9.847\/2019 e Decreto 11.615\/23. A posse de arma depende de registro por autoridade competente, demonstra\u00e7\u00e3o de efetiva necessidade e cumprimento dos requisitos legais. O porte de arma \u00e9 proibido no territ\u00f3rio nacional, salvo para as categorias autorizadas na Lei e nos casos previstos em legisla\u00e7\u00e3o pr\u00f3pria. A utiliza\u00e7\u00e3o de arma exige treinamento e equil\u00edbrio emocional. Guarde armas e muni\u00e7\u00f5es em local seguro e fora do alcance de crian\u00e7as e pessoas n\u00e3o autorizadas.<\/p>\n","protected":false},"featured_media":1086,"comment_status":"open","ping_status":"closed","template":"","meta":{"om_disable_all_campaigns":false,"_monsterinsights_skip_tracking":false,"_monsterinsights_sitenote_active":false,"_monsterinsights_sitenote_note":"","_monsterinsights_sitenote_category":0,"_uf_show_specific_survey":0,"_uf_disable_surveys":false},"product_cat":[100,103,99],"product_tag":[],"class_list":{"0":"post-1085","1":"product","2":"type-product","3":"status-publish","4":"has-post-thumbnail","6":"product_cat-armas-curtas","7":"product_cat-pistolas","8":"product_cat-taurus","10":"first","11":"onbackorder","12":"product-type-simple"},"aioseo_notices":[],"_links":{"self":[{"href":"https:\/\/combatte.com.br\/combatte-store\/index.php?rest_route=\/wp\/v2\/product\/1085","targetHints":{"allow":["GET"]}}],"collection":[{"href":"https:\/\/combatte.com.br\/combatte-store\/index.php?rest_route=\/wp\/v2\/product"}],"about":[{"href":"https:\/\/combatte.com.br\/combatte-store\/index.php?rest_route=\/wp\/v2\/types\/product"}],"replies":[{"embeddable":true,"href":"https:\/\/combatte.com.br\/combatte-store\/index.php?rest_route=%2Fwp%2Fv2%2Fcomments&post=1085"}],"wp:featuredmedia":[{"embeddable":true,"href":"https:\/\/combatte.com.br\/combatte-store\/index.php?rest_route=\/wp\/v2\/media\/1086"}],"wp:attachment":[{"href":"https:\/\/combatte.com.br\/combatte-store\/index.php?rest_route=%2Fwp%2Fv2%2Fmedia&parent=1085"}],"wp:term":[{"taxonomy":"product_cat","embeddable":true,"href":"https:\/\/combatte.com.br\/combatte-store\/index.php?rest_route=%2Fwp%2Fv2%2Fproduct_cat&post=1085"},{"taxonomy":"product_tag","embeddable":true,"href":"https:\/\/combatte.com.br\/combatte-store\/index.php?rest_route=%2Fwp%2Fv2%2Fproduct_tag&post=1085"}],"curies":[{"name":"wp","href":"https:\/\/api.w.org\/{rel}","templated":true}]}}

<div class="wrapper">
<div class="a-b-columns a-b-columns--full product-content">
<div class="a-b-columns__column product-box-text">
<div class="wrapper">
<div class="a-b-columns a-b-columns--full product-content">
<div class="a-b-columns__column product-box-text">
<div class="wrapper">
<div class="a-b-columns a-b-columns--full product-content">
<div class="a-b-columns__column product-box-text">
<div class="a-b-columns__column product-box-text">
<p>Há  40  anos,  conquistamos  um  marco  importante  da  nossa história  com  o  início  da  Taurus  USA. Como forma de comemoração, lançamos uma edição especial e limitada da nossa pistola mais vendida, a G2c 40 anos TUSA, que possui design exclusivo estampando os símbolos dessa nossa grande conquista. Possui capacidade de 12 tiros, calibre 9x19mm, cano de 83mm e mecanismo de disparo em ação simples e dupla de percussor lançado e com armação em polímero. É adequada para a utilização como arma de porte velado e de back up na defesa pessoal. Equipada com trilho<em> picatinny</em> para acoplamento de acessórios e trava manual externa.</p>
<p>&nbsp;</p>
</div>
</div>
</div>
</div>
</div>
</div>
</div>
<div class="wrapper">
<div class="a-b-columns a-b-columns--full product-content">
<div class="a-b-columns__column product-box-text">
<div class="wrapper">
<div class="a-b-columns a-b-columns--full product-content">
<div class="a-b-columns__column product-box-detail">
<h3 class="heading--delta">ESPECIFICAÇÕES TÉCNICAS</h3>
<div class="product-spec">
<p><strong>Calibre</strong>  9x19mm<br />
<strong>Capacidade</strong> 12+1<br />
<strong>Ação</strong> Striker Fire</p>
<p>Para mais informações, consulte o Descritivo Técnico.</p>
<p>Imagens ilustrativas. Produto sujeito a alterações sem aviso prévio.</p>
</div>
</div>
</div>
</div>
</div>
</div>
</div>
</div>
</div>
</div>

<p class="product-bottom-icons">Entre em contato com o Consultor/Lojista para verificar a disponibilidade deste modelo.</p>
<p class="product-bottom-icons">A aquisição de armas é regulamentada pela Lei 10.826/03, Decreto 9.847/2019 e Decreto 11.615/23. A posse de arma depende de registro por autoridade competente, demonstração de efetiva necessidade e cumprimento dos requisitos legais. O porte de arma é proibido no território nacional, salvo para as categorias autorizadas na Lei e nos casos previstos em legislação própria. A utilização de arma exige treinamento e equilíbrio emocional. Guarde armas e munições em local seguro e fora do alcance de crianças e pessoas não autorizadas.</p>
